{"id":2790,"date":"2024-04-11T10:07:19","date_gmt":"2024-04-11T08:07:19","guid":{"rendered":"https:\/\/kulturkirche2025.de\/?post_type=mi-dates-events&#038;p=2790"},"modified":"2026-04-30T18:35:22","modified_gmt":"2026-04-30T16:35:22","slug":"begegnungsaktion-komm-und-setz-dich-zu-mir","status":"expired","type":"mi-dates-events","link":"https:\/\/kulturkirche2025.de\/cs\/veranstaltungen\/begegnungsaktion-komm-und-setz-dich-zu-mir\/","title":{"rendered":"Begegnungsaktion &#8222;Komm und Setz dich zu Mir&#8220;"},"content":{"rendered":"\n<div class=\"wp-block-media-text is-stacked-on-mobile\" style=\"grid-template-columns:30% auto\"><figure class=\"wp-block-media-text__media\"><img loading=\"lazy\" decoding=\"async\" width=\"768\" height=\"1024\" src=\"https:\/\/kulturkirche2025.de\/wp-content\/uploads\/2024\/04\/whatsapp-image-2024-04-10-at-161159-1.jpeg\" alt=\"\" class=\"wp-image-2793 size-full\" srcset=\"https:\/\/kulturkirche2025.de\/wp-content\/uploads\/2024\/04\/whatsapp-image-2024-04-10-at-161159-1.jpeg 768w, https:\/\/kulturkirche2025.de\/wp-content\/uploads\/2024\/04\/whatsapp-image-2024-04-10-at-161159-1-450x600.jpeg 450w\" sizes=\"auto, (max-width: 768px) 100vw, 768px\" \/><\/figure><div class=\"wp-block-media-text__content\">\n<p>Die Katholische Dekanatsjugend l\u00e4dt ein, gemeinsam mit Ihnen am 21.04. ab 11.00 Uhr im Gemeindezentrum der Kirche St. Joseph zu essen, zu spielen, sich auszutauschen und gemeinschaftlich zu begegnen. Nach dem Konzept des Projekt <a href=\"https:\/\/kulturkirche2025.de\/nimm-platz-an-meiner-tafel\/\">&#8222;Nimm Platz an meiner Tafel&#8220;<\/a> soll so Raum sein f\u00fcr neue Bekanntschaften, Erlebnisse und Vers\u00f6hnungen. Jeder ist herzlich willkommen!<\/p>\n<\/div><\/div>\n\n\n\n<p>Die Veranstaltung findet statt im Rahmen der &#8222;72-Stunden-Aktion&#8220; vom 18.04.-21.04.2024. In der gr\u00f6\u00dften Jugend-Sozial-Aktion Deutschlands setzen sich bundesweit katholische Jugendliche f\u00fcr mehr Solidarit\u00e4t, Inklusion, Nachhaltigkeit, Bildung, Umweltschutz und Gerechtigkeit ein und setzen in 72h Projekte um, die die Welt ein St\u00fcck besser machen.<\/p>\n\n\n\n<div class=\"wp-block-buttons is-layout-flex wp-block-buttons-is-layout-flex\">\n<div class=\"wp-block-button\"><a class=\"wp-block-button__link wp-element-button\" href=\"http:\/\/www.72stunden.de\" target=\"_blank\" rel=\"noreferrer noopener\">Mehr Informationen zur 72-h-Aktion<\/a><\/div>\n<\/div>\n","protected":false},"excerpt":{"rendered":"<p>Die Katholische Dekanatsjugend l\u00e4dt ein, gemeinsam mit Ihnen am 21.04. ab 11.00 Uhr im Gemeindezentrum der Kirche St. Joseph zu essen, zu spielen, sich auszutauschen und gemeinschaftlich zu begegnen. Nach dem Konzept des Projekt &#8222;Nimm Platz an meiner Tafel&#8220; soll so Raum sein f\u00fcr neue Bekanntschaften, Erlebnisse und Vers\u00f6hnungen. Jeder ist herzlich willkommen! Die Veranstaltung [&hellip;]<\/p>\n","protected":false},"author":5,"featured_media":2794,"menu_order":0,"template":"","mi-filters":[],"class_list":["post-2790","mi-dates-events","type-mi-dates-events","status-expired","has-post-thumbnail","hentry"],"acf":[],"_links":{"self":[{"href":"https:\/\/kulturkirche2025.de\/cs\/wp-json\/wp\/v2\/mi-dates-events\/2790","targetHints":{"allow":["GET"]}}],"collection":[{"href":"https:\/\/kulturkirche2025.de\/cs\/wp-json\/wp\/v2\/mi-dates-events"}],"about":[{"href":"https:\/\/kulturkirche2025.de\/cs\/wp-json\/wp\/v2\/types\/mi-dates-events"}],"author":[{"embeddable":true,"href":"https:\/\/kulturkirche2025.de\/cs\/wp-json\/wp\/v2\/users\/5"}],"wp:featuredmedia":[{"embeddable":true,"href":"https:\/\/kulturkirche2025.de\/cs\/wp-json\/wp\/v2\/media\/2794"}],"wp:attachment":[{"href":"https:\/\/kulturkirche2025.de\/cs\/wp-json\/wp\/v2\/media?parent=2790"}],"wp:term":[{"taxonomy":"mi-filters","embeddable":true,"href":"https:\/\/kulturkirche2025.de\/cs\/wp-json\/wp\/v2\/mi-filters?post=2790"}],"curies":[{"name":"wp","href":"https:\/\/api.w.org\/{rel}","templated":true}]}}

<div class="wp-block-media-text is-stacked-on-mobile" style="grid-template-columns:30% auto"><figure class="wp-block-media-text__media"><img loading="lazy" decoding="async" width="768" height="1024" src="https://kulturkirche2025.de/wp-content/uploads/2024/04/whatsapp-image-2024-04-10-at-161159-1.jpeg" alt="" class="wp-image-2793 size-full" srcset="https://kulturkirche2025.de/wp-content/uploads/2024/04/whatsapp-image-2024-04-10-at-161159-1.jpeg 768w, https://kulturkirche2025.de/wp-content/uploads/2024/04/whatsapp-image-2024-04-10-at-161159-1-450x600.jpeg 450w" sizes="auto, (max-width: 768px) 100vw, 768px" /></figure><div class="wp-block-media-text__content">
<p>Die Katholische Dekanatsjugend lädt ein, gemeinsam mit Ihnen am 21.04. ab 11.00 Uhr im Gemeindezentrum der Kirche St. Joseph zu essen, zu spielen, sich auszutauschen und gemeinschaftlich zu begegnen. Nach dem Konzept des Projekt <a href="https://kulturkirche2025.de/nimm-platz-an-meiner-tafel/">&#8222;Nimm Platz an meiner Tafel&#8220;</a> soll so Raum sein für neue Bekanntschaften, Erlebnisse und Versöhnungen. Jeder ist herzlich willkommen!</p>
</div></div>



<p>Die Veranstaltung findet statt im Rahmen der &#8222;72-Stunden-Aktion&#8220; vom 18.04.-21.04.2024. In der größten Jugend-Sozial-Aktion Deutschlands setzen sich bundesweit katholische Jugendliche für mehr Solidarität, Inklusion, Nachhaltigkeit, Bildung, Umweltschutz und Gerechtigkeit ein und setzen in 72h Projekte um, die die Welt ein Stück besser machen.</p>



<div class="wp-block-buttons is-layout-flex wp-block-buttons-is-layout-flex">
<div class="wp-block-button"><a class="wp-block-button__link wp-element-button" href="http://www.72stunden.de" target="_blank" rel="noreferrer noopener">Mehr Informationen zur 72-h-Aktion</a></div>
</div>

<p>Die Katholische Dekanatsjugend lädt ein, gemeinsam mit Ihnen am 21.04. ab 11.00 Uhr im Gemeindezentrum der Kirche St. Joseph zu essen, zu spielen, sich auszutauschen und gemeinschaftlich zu begegnen. Nach dem Konzept des Projekt &#8222;Nimm Platz an meiner Tafel&#8220; soll so Raum sein für neue Bekanntschaften, Erlebnisse und Versöhnungen. Jeder ist herzlich willkommen! Die Veranstaltung [&hellip;]</p>
