{"id":3119,"date":"2024-07-04T13:02:23","date_gmt":"2024-07-04T11:02:23","guid":{"rendered":"https:\/\/kulturkirche2025.de\/?post_type=mi-dates-events&#038;p=3119"},"modified":"2026-04-27T18:35:43","modified_gmt":"2026-04-27T16:35:43","slug":"young-jae-lee-schalen","status":"expired","type":"mi-dates-events","link":"https:\/\/kulturkirche2025.de\/cs\/veranstaltungen\/young-jae-lee-schalen\/","title":{"rendered":"Ausstellung Vasen (Young-Jae Lee)"},"content":{"rendered":"\n<p><strong>Ausstellung VASEN<br>05. M\u00e4rz 2025 bis November 2025<\/strong><\/p>\n\n\n\n<p>Zun\u00e4chst werden Schalen zu sehen sein. Ab dem 05. M\u00e4rz 2025 wird die Ausstellung mit Vasen als Teil der &#8222;Interventionen zur Passion&#8220; und damit des Purple Path fortgesetzt. Die Vernissage dazu ist am 09.03.2025, um 11.00 Uhr. Ausstellungsende ist am 08.05.2025.<\/p>\n\n\n\n<p><strong>Zur K\u00fcnstlerin:<\/strong><\/p>\n\n\n\n<p>Die aus Korea stammende Young-Jae Lee (*1951, Seoul) gilt seit f\u00fcnfzig Jahren als wegweisend in der Welt k\u00fcnstlerischer Keramik. Sie studierte in Seoul an der Hochschule f\u00fcr Kunsterziehung (1968-1972) sowie Keramik und Formgestaltung an der Fachhochschule in Wiesbaden (1973-1978).  Zun\u00e4chst er\u00f6ffnete sie eine eigene Werkstatt in Sandhausen\/Heidelberg, seit 1987 leitet sie die Keramische Werkstatt Margaretenh\u00f6he in Essen, die von Margarete Krupp gegr\u00fcndet wurde. Neben zahlreichen Preisen erhielt die K\u00fcnstler 2016 die Ehrendoktorw\u00fcrde der Eugeniusz Geppert Akademie f\u00fcr Kunst und Design in Breslau.<\/p>\n\n\n\n<p>Im Zentrum der Arbeit von Young-Jae Lee stehen Gef\u00e4\u00dfe und gro\u00dfformatige Schalen, die sie in ihren Ausstellungen zu unterschiedlichen Installationen ordnet und dabei oft auch ihre Ausstellungsr\u00e4ume tempor\u00e4r neu bestimmt. Die Werke wurden schon weltweit gezeigt. Die K\u00fcnstlerin will Schalen und Vasen aus Ton schaffen, \u201ewie die Welt sie noch nicht gesehen hat&#8220;. 49 unterschiedliche farbig glasierte davon werden nun in Chemnitz in der Stadtkirche St. Jakobi zu sehen sein und bringen ein weiteres Mal s\u00e4kul\u00e4re Kunst in Kirchen.<\/p>\n\n\n\n<hr class=\"wp-block-separator has-alpha-channel-opacity\" \/>\n\n\n\n<p>R\u00dcCKBLICK:<br><strong>Ausstellung SCHALEN<br>29. August 2024 bis 02. M\u00e4rz 2025<\/strong><\/p>\n\n\n\n<p>Am 29. August 2024 um 18.00 Uhr er\u00f6ffnet die Ausstellung &#8222;Gef\u00e4\u00dfe&#8220; von Young-Jae Lee in der St. Jakobikirche mit einer musikalischen Vesper.<\/p>\n\n\n\n<p>Leitung: Pfrn. Dorothee L\u00fccke und Christiane Lippold-Sander am Fl\u00fcgel<\/p>\n\n\n\n<p>19.00 Uhr S\u00e4kul\u00e4re Er\u00f6ffnung<\/p>\n\n\n\n<p>Kurator Kulturhauptstadtprogrammlinie PurplePath Alexander Ochs f\u00fchrt in die Arbeit ein.<\/p>\n\n\n\n<p>B\u00fcrgermeister Ralph Burghart wird im Namen der Kulturhauptstadt 2025 GmbH ein Gru\u00dfwort sprechen.<\/p>\n\n\n\n<figure class=\"wp-block-gallery has-nested-images columns-default is-cropped wp-block-gallery-1 is-layout-flex wp-block-gallery-is-layout-flex\">\n<figure class=\"wp-block-image size-large\"><img loading=\"lazy\" decoding=\"async\" width=\"801\" height=\"1200\" data-id=\"3210\" src=\"https:\/\/kulturkirche2025.de\/wp-content\/uploads\/2024\/07\/220825-ccfranken-099-801x1200.jpeg\" alt=\"\" class=\"wp-image-3210\" srcset=\"https:\/\/kulturkirche2025.de\/wp-content\/uploads\/2024\/07\/220825-ccfranken-099-801x1200.jpeg 801w, https:\/\/kulturkirche2025.de\/wp-content\/uploads\/2024\/07\/220825-ccfranken-099-400x600.jpeg 400w, https:\/\/kulturkirche2025.de\/wp-content\/uploads\/2024\/07\/220825-ccfranken-099-768x1151.jpeg 768w, https:\/\/kulturkirche2025.de\/wp-content\/uploads\/2024\/07\/220825-ccfranken-099.jpeg 854w\" sizes=\"auto, (max-width: 801px) 100vw, 801px\" \/><figcaption class=\"wp-element-caption\">Young-Jae Lee, Schalen<br>Courtesy Young-Jae Lee, Foto:&nbsp;Chris Franken&nbsp;<\/figcaption><\/figure>\n\n\n\n<figure class=\"wp-block-image size-large\"><img loading=\"lazy\" decoding=\"async\" width=\"801\" height=\"1200\" data-id=\"3209\" src=\"https:\/\/kulturkirche2025.de\/wp-content\/uploads\/2024\/07\/220825-ccfranken-084-801x1200.jpeg\" alt=\"\" class=\"wp-image-3209\" srcset=\"https:\/\/kulturkirche2025.de\/wp-content\/uploads\/2024\/07\/220825-ccfranken-084-801x1200.jpeg 801w, https:\/\/kulturkirche2025.de\/wp-content\/uploads\/2024\/07\/220825-ccfranken-084-400x600.jpeg 400w, https:\/\/kulturkirche2025.de\/wp-content\/uploads\/2024\/07\/220825-ccfranken-084-768x1151.jpeg 768w, https:\/\/kulturkirche2025.de\/wp-content\/uploads\/2024\/07\/220825-ccfranken-084.jpeg 854w\" sizes=\"auto, (max-width: 801px) 100vw, 801px\" \/><figcaption class=\"wp-element-caption\">Young-Jae Lee, Schalen<br>Courtesy Young-Jae Lee, Foto:&nbsp;Chris Franken&nbsp;<\/figcaption><\/figure>\n<\/figure>\n","protected":false},"excerpt":{"rendered":"<p>Ausstellung VASEN05. M\u00e4rz 2025 bis November 2025 Zun\u00e4chst werden Schalen zu sehen sein. Ab dem 05. M\u00e4rz 2025 wird die Ausstellung mit Vasen als Teil der &#8222;Interventionen zur Passion&#8220; und damit des Purple Path fortgesetzt. Die Vernissage dazu ist am 09.03.2025, um 11.00 Uhr. Ausstellungsende ist am 08.05.2025. Zur K\u00fcnstlerin: Die aus Korea stammende Young-Jae [&hellip;]<\/p>\n","protected":false},"author":5,"featured_media":3210,"menu_order":0,"template":"","mi-filters":[],"class_list":["post-3119","mi-dates-events","type-mi-dates-events","status-expired","has-post-thumbnail","hentry"],"acf":[],"_links":{"self":[{"href":"https:\/\/kulturkirche2025.de\/cs\/wp-json\/wp\/v2\/mi-dates-events\/3119","targetHints":{"allow":["GET"]}}],"collection":[{"href":"https:\/\/kulturkirche2025.de\/cs\/wp-json\/wp\/v2\/mi-dates-events"}],"about":[{"href":"https:\/\/kulturkirche2025.de\/cs\/wp-json\/wp\/v2\/types\/mi-dates-events"}],"author":[{"embeddable":true,"href":"https:\/\/kulturkirche2025.de\/cs\/wp-json\/wp\/v2\/users\/5"}],"wp:featuredmedia":[{"embeddable":true,"href":"https:\/\/kulturkirche2025.de\/cs\/wp-json\/wp\/v2\/media\/3210"}],"wp:attachment":[{"href":"https:\/\/kulturkirche2025.de\/cs\/wp-json\/wp\/v2\/media?parent=3119"}],"wp:term":[{"taxonomy":"mi-filters","embeddable":true,"href":"https:\/\/kulturkirche2025.de\/cs\/wp-json\/wp\/v2\/mi-filters?post=3119"}],"curies":[{"name":"wp","href":"https:\/\/api.w.org\/{rel}","templated":true}]}}

<p><strong>Ausstellung VASEN<br>05. März 2025 bis November 2025</strong></p>



<p>Zunächst werden Schalen zu sehen sein. Ab dem 05. März 2025 wird die Ausstellung mit Vasen als Teil der &#8222;Interventionen zur Passion&#8220; und damit des Purple Path fortgesetzt. Die Vernissage dazu ist am 09.03.2025, um 11.00 Uhr. Ausstellungsende ist am 08.05.2025.</p>



<p><strong>Zur Künstlerin:</strong></p>



<p>Die aus Korea stammende Young-Jae Lee (*1951, Seoul) gilt seit fünfzig Jahren als wegweisend in der Welt künstlerischer Keramik. Sie studierte in Seoul an der Hochschule für Kunsterziehung (1968-1972) sowie Keramik und Formgestaltung an der Fachhochschule in Wiesbaden (1973-1978).  Zunächst eröffnete sie eine eigene Werkstatt in Sandhausen/Heidelberg, seit 1987 leitet sie die Keramische Werkstatt Margaretenhöhe in Essen, die von Margarete Krupp gegründet wurde. Neben zahlreichen Preisen erhielt die Künstler 2016 die Ehrendoktorwürde der Eugeniusz Geppert Akademie für Kunst und Design in Breslau.</p>



<p>Im Zentrum der Arbeit von Young-Jae Lee stehen Gefäße und großformatige Schalen, die sie in ihren Ausstellungen zu unterschiedlichen Installationen ordnet und dabei oft auch ihre Ausstellungsräume temporär neu bestimmt. Die Werke wurden schon weltweit gezeigt. Die Künstlerin will Schalen und Vasen aus Ton schaffen, „wie die Welt sie noch nicht gesehen hat&#8220;. 49 unterschiedliche farbig glasierte davon werden nun in Chemnitz in der Stadtkirche St. Jakobi zu sehen sein und bringen ein weiteres Mal säkuläre Kunst in Kirchen.</p>



<hr class="wp-block-separator has-alpha-channel-opacity" />



<p>RÜCKBLICK:<br><strong>Ausstellung SCHALEN<br>29. August 2024 bis 02. März 2025</strong></p>



<p>Am 29. August 2024 um 18.00 Uhr eröffnet die Ausstellung &#8222;Gefäße&#8220; von Young-Jae Lee in der St. Jakobikirche mit einer musikalischen Vesper.</p>



<p>Leitung: Pfrn. Dorothee Lücke und Christiane Lippold-Sander am Flügel</p>



<p>19.00 Uhr Säkuläre Eröffnung</p>



<p>Kurator Kulturhauptstadtprogrammlinie PurplePath Alexander Ochs führt in die Arbeit ein.</p>



<p>Bürgermeister Ralph Burghart wird im Namen der Kulturhauptstadt 2025 GmbH ein Grußwort sprechen.</p>



<figure class="wp-block-gallery has-nested-images columns-default is-cropped wp-block-gallery-1 is-layout-flex wp-block-gallery-is-layout-flex">
<figure class="wp-block-image size-large"><img loading="lazy" decoding="async" width="801" height="1200" data-id="3210" src="https://kulturkirche2025.de/wp-content/uploads/2024/07/220825-ccfranken-099-801x1200.jpeg" alt="" class="wp-image-3210" srcset="https://kulturkirche2025.de/wp-content/uploads/2024/07/220825-ccfranken-099-801x1200.jpeg 801w, https://kulturkirche2025.de/wp-content/uploads/2024/07/220825-ccfranken-099-400x600.jpeg 400w, https://kulturkirche2025.de/wp-content/uploads/2024/07/220825-ccfranken-099-768x1151.jpeg 768w, https://kulturkirche2025.de/wp-content/uploads/2024/07/220825-ccfranken-099.jpeg 854w" sizes="auto, (max-width: 801px) 100vw, 801px" /><figcaption class="wp-element-caption">Young-Jae Lee, Schalen<br>Courtesy Young-Jae Lee, Foto:&nbsp;Chris Franken&nbsp;</figcaption></figure>



<figure class="wp-block-image size-large"><img loading="lazy" decoding="async" width="801" height="1200" data-id="3209" src="https://kulturkirche2025.de/wp-content/uploads/2024/07/220825-ccfranken-084-801x1200.jpeg" alt="" class="wp-image-3209" srcset="https://kulturkirche2025.de/wp-content/uploads/2024/07/220825-ccfranken-084-801x1200.jpeg 801w, https://kulturkirche2025.de/wp-content/uploads/2024/07/220825-ccfranken-084-400x600.jpeg 400w, https://kulturkirche2025.de/wp-content/uploads/2024/07/220825-ccfranken-084-768x1151.jpeg 768w, https://kulturkirche2025.de/wp-content/uploads/2024/07/220825-ccfranken-084.jpeg 854w" sizes="auto, (max-width: 801px) 100vw, 801px" /><figcaption class="wp-element-caption">Young-Jae Lee, Schalen<br>Courtesy Young-Jae Lee, Foto:&nbsp;Chris Franken&nbsp;</figcaption></figure>
</figure>

<p>Ausstellung VASEN05. März 2025 bis November 2025 Zunächst werden Schalen zu sehen sein. Ab dem 05. März 2025 wird die Ausstellung mit Vasen als Teil der &#8222;Interventionen zur Passion&#8220; und damit des Purple Path fortgesetzt. Die Vernissage dazu ist am 09.03.2025, um 11.00 Uhr. Ausstellungsende ist am 08.05.2025. Zur Künstlerin: Die aus Korea stammende Young-Jae [&hellip;]</p>
