{"id":4188,"date":"2024-11-14T13:56:30","date_gmt":"2024-11-14T12:56:30","guid":{"rendered":"https:\/\/kulturkirche2025.de\/?post_type=mi-dates-events&#038;p=4188"},"modified":"2026-04-26T18:36:44","modified_gmt":"2026-04-26T16:36:44","slug":"hoc","status":"expired","type":"mi-dates-events","link":"https:\/\/kulturkirche2025.de\/cs\/veranstaltungen\/hoc\/","title":{"rendered":"History of Citizens: Erz\u00e4hlcaf\u00e9"},"content":{"rendered":"\n<h5 class=\"wp-block-heading\"><strong>History of Citizens<\/strong><\/h5>\n\n\n\n<p><strong>Lebensgeschichten werden lebendig!<\/strong><\/p>\n\n\n\n<p>Chemnitz und die Region z\u00e4hlen zu den demografisch \u00e4ltesten Teilen Europas \u2013 ein Schatz voller Erinnerungen und verborgenen Geschichten. Im Projekt&nbsp;<em>History of Citizens&nbsp;<\/em>befragen Jugendliche \u00e4ltere Menschen zu ihrem Leben, den (Um)Br\u00fcchen und Chancen. Grundschulkinder setzen die Interviews k\u00fcnstlerisch um.<br><br>Die multimediale Ausstellung im Garagen-Campus zeigt Video- und Klanginstallationen, Texte, Fotos, Bilder und interaktive Elemente. Ein Begleitprogramm mit Gespr\u00e4chen, Konzerten und Vortr\u00e4gen l\u00e4dt alle Generationen ein, Br\u00fccken zu schlagen.<br><br>Als Teil der Kulturhauptstadt Chemnitz 2025 entsteht das Projekt in Zusammenarbeit mit Nova Gorica\/Gorizia \u2013 Erinnerungen werden bewahrt, Grenzen \u00fcberwunden und Geschichte f\u00fcr die Zukunft lebendig gemacht.<\/p>\n\n\n\n<h5 class=\"wp-block-heading\"><strong>Ausstellung vom 09.11.-27.11.2025<\/strong><\/h5>\n\n\n\n<p><strong>Kreativwerkstatt Garagencampus Chemnitz<\/strong><\/p>\n\n\n\n<p><strong>\u00d6ffnungszeiten<\/strong> (g\u00fcltig ab 10.11.2025)<br>Mo, Frei und So: 14-18 Uhr<br>Di-Do und Sa 10-18 Uhr<br>Mo und Frei vormittags f\u00fcr Schulklassen und Gruppen auf Anfrage: <a href=\"mailto:mehrkens@kulturkirche2025.de\">mehrkens@kulturkirche2025.de<\/a>&nbsp;<\/p>\n\n\n\n<hr class=\"wp-block-separator has-alpha-channel-opacity\" \/>\n\n\n\n<h2 class=\"wp-block-heading\">Vernissage<\/h2>\n\n\n\n<p><strong>09.11., 15 Uhr<\/strong><br>aus Platzgr\u00fcnden nur mit pers\u00f6nliche Einladung<br>Warteliste f\u00fcr Interessierte ohne Einladung, Anmeldung daf\u00fcr per Mail an <a href=\"mailto:mehrkens@kulturkirche2025.de\">mehrkens@kulturkirche2025.de<\/a><\/p>\n\n\n\n<p>F\u00fcr alle Interessierten bieten wir jederzeit Zugang zur Ausstellung innerhalb der \u00d6ffnungszeiten (s.oben), Gruppenf\u00fchrungen auf Anfragen und ein vielf\u00e4ltiges Begleitprogramm an, in denen Sie in aller Ruhe den Fr\u00fcchten und Fragen unseres Projektes begegnen k\u00f6nnen.<\/p>\n\n\n\n<hr class=\"wp-block-separator has-alpha-channel-opacity\" \/>\n\n\n\n<h2 class=\"wp-block-heading\">Begleitprogramm<\/h2>\n\n\n\n<hr class=\"wp-block-separator has-alpha-channel-opacity\" \/>\n\n\n\n<p><strong>10.11., 18 Uhr: Podiumsdiskussion <\/strong><br>\u00fcber Entstehung und Entwicklung des Projektes, Lernerfolge auf dem Weg u.a. mit<\/p>\n\n\n\n<ul class=\"wp-block-list\">\n<li>Dr. Ulrike Lynn, Beauftragte der katholischen Kirche f\u00fcr die Europ\u00e4ische Kulturhauptstadt Chemnitz 2025, Mitarbeiterin History of citizens<\/li>\n\n\n\n<li>Lisa-Maria Mehrkens, Projektleiterin History of citizens, Mitarbeiterin Kulturkirche 2025<\/li>\n\n\n\n<li>Pfr. Benno Sch\u00e4ffel, Propst der Katholischen Pfarrei Hl. Mutter Teresa Chemnitz<\/li>\n\n\n\n<li>Dr. Alexandra Takats, Leiterin Team Generationen mit Beteiligung \u00e4lterer Menschen f\u00fcr die Kulturhauptstadt gGmbH<\/li>\n\n\n\n<li>Constanze Gruber, Kunstlehrerin Pablo Neruda Schule<\/li>\n\n\n\n<li>Dr. Paolo Cecconi, Leiter Stadtarchiv Chemnitz<\/li>\n\n\n\n<li>Anja Diering, Interviewte im Projekte<\/li>\n\n\n\n<li>Andreas Seifert, Fotograf der &#8222;Lebenslinien&#8220;<\/li>\n\n\n\n<li>und Projektpartnern aus Nova Gorica\/Gorizia<\/li>\n<\/ul>\n\n\n\n<hr class=\"wp-block-separator has-alpha-channel-opacity\" \/>\n\n\n\n<p><strong>17.11., 18 Uhr: Wissenschaftlicher Vortrag<\/strong><br>Dr. Tim Kuball, TU Chemnitz<\/p>\n\n\n\n<p><strong>Von (Um)Br\u00fcchen und Begegnungen \u2013 Gerontopsychologische Perspektiven auf Altern, Resilienz und Gemeinschaft<\/strong><\/p>\n\n\n\n<p>Altern bedeutet Ver\u00e4nderung \u2013 biologisch, psychologisch und gesellschaftlich.<\/p>\n\n\n\n<p>Der Vortrag bietet Einblicke in zentrale Themen der Gerontopsychologie: vom Altern als Entwicklungsprozess \u00fcber Resilienz bei (Um)Br\u00fcchen bis hin zur Bedeutung von Gemeinschaft und generations\u00fcbergreifenden Begegnungen. Dabei geht es auch um Bilder des Alters, die unser Denken und Handeln pr\u00e4gen, und darum, wie Erfahrungen zwischen Menschen unterschiedlicher Altersgruppen helfen k\u00f6nnen, diese neu zu gestalten. Psychologe Tim Kuball wirft einen wissenschaftlichen Blick auf Resilienz, Zusammenhalt und die Psychologie des Alterns in einer sich wandelnden Welt.<\/p>\n\n\n\n<hr class=\"wp-block-separator has-alpha-channel-opacity\" \/>\n\n\n\n<p><strong>24.11., 19 Uhr<\/strong><br><strong>\u201eAlle sieben Jahre\u201c<\/strong><br><br>Seelenwanderung und Spiritualit\u00e4t im Werk von Mascha Kal\u00e9ko<br>Rezitation, Vortrag und Musik<br><br>mit<br>Dr. Julia Meyer, Dresden<br><em>Direktorin der Universit\u00e4tsbibliothek Freiberg, Dissertation \u201eZwei Seelen wohnen, ach, in mir zur Miete \u2013 Inszenierungen von Autorschaft im Werk Mascha Kal\u00e9kos\u201c <\/em><br><br>Boris Schwiebert, Dresden<br><em>arbeitet er als Sprecher f\u00fcr Film und Fernsehen und ist aktuell in Inszenierungen am Mittels\u00e4chsischen Theater Freiberg zu erleben.<\/em><br><br>J\u00f6rg Kandl, Dresden<br><em>arbeitet als Musiker und Komponist f\u00fcr verschiedene Theater. Als Musikp\u00e4dagoge unterrichtet er an Musikschulen und leitet verschiedene Ensembles.<\/em><\/p>\n\n\n\n<p><em>Im Rahmen von &#8222;Tacheles 2026 &#8211; Jahr der j\u00fcdischen Kultur in Sachsen&#8220; und dem Projekt&nbsp;\u201e<a target=\"_blank\" href=\"https:\/\/chemnitz2025.de\/history-of-citizens\/\" rel=\"noreferrer noopener\">History of citizens<\/a>\u201c.<\/em><\/p>\n\n\n\n<p>Als deutsch-j\u00fcdische Dichterin verbindet Mascha Kal\u00e9ko (1907-1975) in ihren Gedichten satirisch-politische Elemente mit einer tiefen Spiritualit\u00e4t des j\u00fcdischen Chassidismus, die bis heute vielen Menschen aus dem Herzen spricht. Mit der f\u00fcr ihre Texte charakteristischen Mischung aus Ironie und Witz, politischer Sch\u00e4rfe und Melancholie eroberte sie sich auf den Berliner Kabarettb\u00fchnen der fr\u00fchen 1930er Jahre die Herzen der Zuschauerinnen und Zuschauer.<br><br>Mascha Kal\u00e9ko spiegelt in Gedichten auch das Altern, die Verg\u00e4nglichkeit, die melancholische Reflexion \u00fcber das Leben und die Einsamkeit, die sie selbst besonders im Exil erlebte. Mit ihren Beobachtungen zu Generationskonflikten, die oft sozialkritisch, aber nie bitter und stattdessen voller feiner Selbstironie sind, wird sie im Rahmen der Ausstellung selbst zur Zeitzeugin. <br><br>Bekannte Gedichte wie \u201eAlle sieben Jahre\u201c sowie weniger bekannte Ausz\u00fcge aus den Briefen werden rezitiert, musikalisch in Szene gesetzt und fachkundig kommentiert.<\/p>\n\n\n\n<p><em>Diese Veranstaltung findet in Kooperation mit dem Agricolaforum Chemnitz, der Kulturkirche 2025 und der Evangelischen Akademie Sachsen statt und ist Teil des Programms der Europ\u00e4ischen Kulturhauptstadt&nbsp;Chemnitz 2025 sowie im Rahmen von &#8222;Tacheles 2026 &#8211; Jahr der j\u00fcdischen Kultur in Sachsen&#8220; und dem Projekt&nbsp;\u201e<a href=\"https:\/\/chemnitz2025.de\/history-of-citizens\/\" target=\"_blank\" rel=\"noreferrer noopener\">History of citizens<\/a>\u201c.<\/em><\/p>\n\n\n\n<hr class=\"wp-block-separator has-alpha-channel-opacity\" \/>\n\n\n\n<h2 class=\"wp-block-heading\">Erz\u00e4hlcaf\u00c9<\/h2>\n\n\n\n<p>jeden Donnerstag (13.\/20.\/27.11.) sowie Sonntag (16.\/23.11.), 15:00-17:00 Uhr<br>Jeder ist eingeladen zu Begegnung und Austausch! Treffen Sie die interviewten Seniorinnen und Senioren, tauchen Sie pers\u00f6nlich in ihre Lebensgeschichten ein, stellen Sie Fragen und tauschen sich aus.<\/p>\n\n\n\n<hr class=\"wp-block-separator has-alpha-channel-opacity\" \/>\n\n\n\n<h2 class=\"wp-block-heading\">Ausstellungsende<\/h2>\n\n\n\n<p><strong>27.11.2025, 17:00 Uhr<\/strong><br>History of citizens sollte Impulse f\u00fcr Begegnungen zwischen Generationen und neu Sichtweisen auf das Alter(n) geben. Die Ausstellung stellt damit keinen Abschluss dieses Prozesses dar, sondern eher einen Anfang, um Chemnitz zu einem europ\u00e4ischen Lernort \u00fcber den Wert und die W\u00fcrde des Alter(n)s zu machen. Daher endet die Ausstellung nicht mit einer Finissage, sondern bleibt am letzten Tag bis 17:00 Uhr ge\u00f6ffnet. Als feierlichen Abschluss laden wir alle Interessierten ein, sich direkt danach im Nachbarraum den Film \u201eDancing Queens\u201c im Rahmen des Europ\u00e4ischen Filmfestivals der Generationen anzusehen. Mehr Infos: <a href=\"http:\/\/festival-generationen.de\">festival-generationen.de<\/a><\/p>\n\n\n\n<hr class=\"wp-block-separator has-alpha-channel-opacity\" \/>\n\n\n\n<div class=\"wp-block-file\"><a id=\"wp-block-file--media-97d31c37-a5c2-4349-9416-d4873da742f8\" href=\"https:\/\/kulturkirche2025.de\/wp-content\/uploads\/2024\/11\/1961-kph-keyvisual-programm-dinlang-rz-druck.pdf\">Flyer Begleitprogramm History of Citizens<\/a><a href=\"https:\/\/kulturkirche2025.de\/wp-content\/uploads\/2024\/11\/1961-kph-keyvisual-programm-dinlang-rz-druck.pdf\" class=\"wp-block-file__button wp-element-button\" download aria-describedby=\"wp-block-file--media-97d31c37-a5c2-4349-9416-d4873da742f8\">Herunterladen<\/a><\/div>\n","protected":false},"excerpt":{"rendered":"<p>History of Citizens Lebensgeschichten werden lebendig! Chemnitz und die Region z\u00e4hlen zu den demografisch \u00e4ltesten Teilen Europas \u2013 ein Schatz voller Erinnerungen und verborgenen Geschichten. Im Projekt&nbsp;History of Citizens&nbsp;befragen Jugendliche \u00e4ltere Menschen zu ihrem Leben, den (Um)Br\u00fcchen und Chancen. Grundschulkinder setzen die Interviews k\u00fcnstlerisch um. Die multimediale Ausstellung im Garagen-Campus zeigt Video- und Klanginstallationen, Texte, [&hellip;]<\/p>\n","protected":false},"author":5,"featured_media":9947,"menu_order":0,"template":"","mi-filters":[],"class_list":["post-4188","mi-dates-events","type-mi-dates-events","status-expired","has-post-thumbnail","hentry"],"acf":[],"_links":{"self":[{"href":"https:\/\/kulturkirche2025.de\/cs\/wp-json\/wp\/v2\/mi-dates-events\/4188","targetHints":{"allow":["GET"]}}],"collection":[{"href":"https:\/\/kulturkirche2025.de\/cs\/wp-json\/wp\/v2\/mi-dates-events"}],"about":[{"href":"https:\/\/kulturkirche2025.de\/cs\/wp-json\/wp\/v2\/types\/mi-dates-events"}],"author":[{"embeddable":true,"href":"https:\/\/kulturkirche2025.de\/cs\/wp-json\/wp\/v2\/users\/5"}],"wp:featuredmedia":[{"embeddable":true,"href":"https:\/\/kulturkirche2025.de\/cs\/wp-json\/wp\/v2\/media\/9947"}],"wp:attachment":[{"href":"https:\/\/kulturkirche2025.de\/cs\/wp-json\/wp\/v2\/media?parent=4188"}],"wp:term":[{"taxonomy":"mi-filters","embeddable":true,"href":"https:\/\/kulturkirche2025.de\/cs\/wp-json\/wp\/v2\/mi-filters?post=4188"}],"curies":[{"name":"wp","href":"https:\/\/api.w.org\/{rel}","templated":true}]}}

History of Citizens: Erzählcafé

<h5 class="wp-block-heading"><strong>History of Citizens</strong></h5>



<p><strong>Lebensgeschichten werden lebendig!</strong></p>



<p>Chemnitz und die Region zählen zu den demografisch ältesten Teilen Europas – ein Schatz voller Erinnerungen und verborgenen Geschichten. Im Projekt&nbsp;<em>History of Citizens&nbsp;</em>befragen Jugendliche ältere Menschen zu ihrem Leben, den (Um)Brüchen und Chancen. Grundschulkinder setzen die Interviews künstlerisch um.<br><br>Die multimediale Ausstellung im Garagen-Campus zeigt Video- und Klanginstallationen, Texte, Fotos, Bilder und interaktive Elemente. Ein Begleitprogramm mit Gesprächen, Konzerten und Vorträgen lädt alle Generationen ein, Brücken zu schlagen.<br><br>Als Teil der Kulturhauptstadt Chemnitz 2025 entsteht das Projekt in Zusammenarbeit mit Nova Gorica/Gorizia – Erinnerungen werden bewahrt, Grenzen überwunden und Geschichte für die Zukunft lebendig gemacht.</p>



<h5 class="wp-block-heading"><strong>Ausstellung vom 09.11.-27.11.2025</strong></h5>



<p><strong>Kreativwerkstatt Garagencampus Chemnitz</strong></p>



<p><strong>Öffnungszeiten</strong> (gültig ab 10.11.2025)<br>Mo, Frei und So: 14-18 Uhr<br>Di-Do und Sa 10-18 Uhr<br>Mo und Frei vormittags für Schulklassen und Gruppen auf Anfrage: <a href="mailto:mehrkens@kulturkirche2025.de">mehrkens@kulturkirche2025.de</a>&nbsp;</p>



<hr class="wp-block-separator has-alpha-channel-opacity" />



<h2 class="wp-block-heading">Vernissage</h2>



<p><strong>09.11., 15 Uhr</strong><br>aus Platzgründen nur mit persönliche Einladung<br>Warteliste für Interessierte ohne Einladung, Anmeldung dafür per Mail an <a href="mailto:mehrkens@kulturkirche2025.de">mehrkens@kulturkirche2025.de</a></p>



<p>Für alle Interessierten bieten wir jederzeit Zugang zur Ausstellung innerhalb der Öffnungszeiten (s.oben), Gruppenführungen auf Anfragen und ein vielfältiges Begleitprogramm an, in denen Sie in aller Ruhe den Früchten und Fragen unseres Projektes begegnen können.</p>



<hr class="wp-block-separator has-alpha-channel-opacity" />



<h2 class="wp-block-heading">Begleitprogramm</h2>



<hr class="wp-block-separator has-alpha-channel-opacity" />



<p><strong>10.11., 18 Uhr: Podiumsdiskussion </strong><br>über Entstehung und Entwicklung des Projektes, Lernerfolge auf dem Weg u.a. mit</p>



<ul class="wp-block-list">
<li>Dr. Ulrike Lynn, Beauftragte der katholischen Kirche für die Europäische Kulturhauptstadt Chemnitz 2025, Mitarbeiterin History of citizens</li>



<li>Lisa-Maria Mehrkens, Projektleiterin History of citizens, Mitarbeiterin Kulturkirche 2025</li>



<li>Pfr. Benno Schäffel, Propst der Katholischen Pfarrei Hl. Mutter Teresa Chemnitz</li>



<li>Dr. Alexandra Takats, Leiterin Team Generationen mit Beteiligung älterer Menschen für die Kulturhauptstadt gGmbH</li>



<li>Constanze Gruber, Kunstlehrerin Pablo Neruda Schule</li>



<li>Dr. Paolo Cecconi, Leiter Stadtarchiv Chemnitz</li>



<li>Anja Diering, Interviewte im Projekte</li>



<li>Andreas Seifert, Fotograf der &#8222;Lebenslinien&#8220;</li>



<li>und Projektpartnern aus Nova Gorica/Gorizia</li>
</ul>



<hr class="wp-block-separator has-alpha-channel-opacity" />



<p><strong>17.11., 18 Uhr: Wissenschaftlicher Vortrag</strong><br>Dr. Tim Kuball, TU Chemnitz</p>



<p><strong>Von (Um)Brüchen und Begegnungen – Gerontopsychologische Perspektiven auf Altern, Resilienz und Gemeinschaft</strong></p>



<p>Altern bedeutet Veränderung – biologisch, psychologisch und gesellschaftlich.</p>



<p>Der Vortrag bietet Einblicke in zentrale Themen der Gerontopsychologie: vom Altern als Entwicklungsprozess über Resilienz bei (Um)Brüchen bis hin zur Bedeutung von Gemeinschaft und generationsübergreifenden Begegnungen. Dabei geht es auch um Bilder des Alters, die unser Denken und Handeln prägen, und darum, wie Erfahrungen zwischen Menschen unterschiedlicher Altersgruppen helfen können, diese neu zu gestalten. Psychologe Tim Kuball wirft einen wissenschaftlichen Blick auf Resilienz, Zusammenhalt und die Psychologie des Alterns in einer sich wandelnden Welt.</p>



<hr class="wp-block-separator has-alpha-channel-opacity" />



<p><strong>24.11., 19 Uhr</strong><br><strong>„Alle sieben Jahre“</strong><br><br>Seelenwanderung und Spiritualität im Werk von Mascha Kaléko<br>Rezitation, Vortrag und Musik<br><br>mit<br>Dr. Julia Meyer, Dresden<br><em>Direktorin der Universitätsbibliothek Freiberg, Dissertation „Zwei Seelen wohnen, ach, in mir zur Miete – Inszenierungen von Autorschaft im Werk Mascha Kalékos“ </em><br><br>Boris Schwiebert, Dresden<br><em>arbeitet er als Sprecher für Film und Fernsehen und ist aktuell in Inszenierungen am Mittelsächsischen Theater Freiberg zu erleben.</em><br><br>Jörg Kandl, Dresden<br><em>arbeitet als Musiker und Komponist für verschiedene Theater. Als Musikpädagoge unterrichtet er an Musikschulen und leitet verschiedene Ensembles.</em></p>



<p><em>Im Rahmen von &#8222;Tacheles 2026 &#8211; Jahr der jüdischen Kultur in Sachsen&#8220; und dem Projekt&nbsp;„<a target="_blank" href="https://chemnitz2025.de/history-of-citizens/" rel="noreferrer noopener">History of citizens</a>“.</em></p>



<p>Als deutsch-jüdische Dichterin verbindet Mascha Kaléko (1907-1975) in ihren Gedichten satirisch-politische Elemente mit einer tiefen Spiritualität des jüdischen Chassidismus, die bis heute vielen Menschen aus dem Herzen spricht. Mit der für ihre Texte charakteristischen Mischung aus Ironie und Witz, politischer Schärfe und Melancholie eroberte sie sich auf den Berliner Kabarettbühnen der frühen 1930er Jahre die Herzen der Zuschauerinnen und Zuschauer.<br><br>Mascha Kaléko spiegelt in Gedichten auch das Altern, die Vergänglichkeit, die melancholische Reflexion über das Leben und die Einsamkeit, die sie selbst besonders im Exil erlebte. Mit ihren Beobachtungen zu Generationskonflikten, die oft sozialkritisch, aber nie bitter und stattdessen voller feiner Selbstironie sind, wird sie im Rahmen der Ausstellung selbst zur Zeitzeugin. <br><br>Bekannte Gedichte wie „Alle sieben Jahre“ sowie weniger bekannte Auszüge aus den Briefen werden rezitiert, musikalisch in Szene gesetzt und fachkundig kommentiert.</p>



<p><em>Diese Veranstaltung findet in Kooperation mit dem Agricolaforum Chemnitz, der Kulturkirche 2025 und der Evangelischen Akademie Sachsen statt und ist Teil des Programms der Europäischen Kulturhauptstadt&nbsp;Chemnitz 2025 sowie im Rahmen von &#8222;Tacheles 2026 &#8211; Jahr der jüdischen Kultur in Sachsen&#8220; und dem Projekt&nbsp;„<a href="https://chemnitz2025.de/history-of-citizens/" target="_blank" rel="noreferrer noopener">History of citizens</a>“.</em></p>



<hr class="wp-block-separator has-alpha-channel-opacity" />



<h2 class="wp-block-heading">ErzählcafÉ</h2>



<p>jeden Donnerstag (13./20./27.11.) sowie Sonntag (16./23.11.), 15:00-17:00 Uhr<br>Jeder ist eingeladen zu Begegnung und Austausch! Treffen Sie die interviewten Seniorinnen und Senioren, tauchen Sie persönlich in ihre Lebensgeschichten ein, stellen Sie Fragen und tauschen sich aus.</p>



<hr class="wp-block-separator has-alpha-channel-opacity" />



<h2 class="wp-block-heading">Ausstellungsende</h2>



<p><strong>27.11.2025, 17:00 Uhr</strong><br>History of citizens sollte Impulse für Begegnungen zwischen Generationen und neu Sichtweisen auf das Alter(n) geben. Die Ausstellung stellt damit keinen Abschluss dieses Prozesses dar, sondern eher einen Anfang, um Chemnitz zu einem europäischen Lernort über den Wert und die Würde des Alter(n)s zu machen. Daher endet die Ausstellung nicht mit einer Finissage, sondern bleibt am letzten Tag bis 17:00 Uhr geöffnet. Als feierlichen Abschluss laden wir alle Interessierten ein, sich direkt danach im Nachbarraum den Film „Dancing Queens“ im Rahmen des Europäischen Filmfestivals der Generationen anzusehen. Mehr Infos: <a href="http://festival-generationen.de">festival-generationen.de</a></p>



<hr class="wp-block-separator has-alpha-channel-opacity" />



<div class="wp-block-file"><a id="wp-block-file--media-97d31c37-a5c2-4349-9416-d4873da742f8" href="https://kulturkirche2025.de/wp-content/uploads/2024/11/1961-kph-keyvisual-programm-dinlang-rz-druck.pdf">Flyer Begleitprogramm History of Citizens</a><a href="https://kulturkirche2025.de/wp-content/uploads/2024/11/1961-kph-keyvisual-programm-dinlang-rz-druck.pdf" class="wp-block-file__button wp-element-button" download aria-describedby="wp-block-file--media-97d31c37-a5c2-4349-9416-d4873da742f8">Herunterladen</a></div>

<p>History of Citizens Lebensgeschichten werden lebendig! Chemnitz und die Region zählen zu den demografisch ältesten Teilen Europas – ein Schatz voller Erinnerungen und verborgenen Geschichten. Im Projekt&nbsp;History of Citizens&nbsp;befragen Jugendliche ältere Menschen zu ihrem Leben, den (Um)Brüchen und Chancen. Grundschulkinder setzen die Interviews künstlerisch um. Die multimediale Ausstellung im Garagen-Campus zeigt Video- und Klanginstallationen, Texte, [&hellip;]</p>
