{"id":4592,"date":"2024-11-28T21:55:37","date_gmt":"2024-11-28T20:55:37","guid":{"rendered":"https:\/\/kulturkirche2025.de\/?post_type=mi-dates-events&#038;p=4592"},"modified":"2026-05-01T18:36:08","modified_gmt":"2026-05-01T16:36:08","slug":"mdr-gottesdienst-zu-edith-stein-aus-wechselburg","status":"expired","type":"mi-dates-events","link":"https:\/\/kulturkirche2025.de\/cs\/veranstaltungen\/mdr-gottesdienst-zu-edith-stein-aus-wechselburg\/","title":{"rendered":"MDR-Gottesdienst zu Edith Stein aus Wechselburg"},"content":{"rendered":"\n<p>Radio- und Fernsehgottesdienst aus der Basilika &#8222;Heilig Kreuz&#8220; in Wechselburg mit Live\u00fcbertragung <\/p>\n\n\n\n<p>Thema: Edith Stein &#8211; eine europ\u00e4ische Heilige<\/p>\n\n\n\n<p>Predigt: Pater Maurus Krass<\/p>\n\n\n\n<p>Edith Stein ist mit ihrer Lebens- und Passionsgeschichte eine europ\u00e4ische Heilige mit<br>j\u00fcdischen Wurzeln. Ein Schwerpunkt wird auch das neue Bild des Malers Michael Triegels sein, dass zu Edith Stein f\u00fcr die Basilika in Wechselburg derzeit entsteht. Die Sendung l\u00e4uft im Rahmen der europ\u00e4ischen Kulturhauptstadt Chemnitz 2025, anl\u00e4sslich des Patronatsfestes von Edith Stein im August 2025.<\/p>\n\n\n\n<p><strong>Zur Person:<\/strong><br>Edith Stein wurde am 12. Oktober 1891 in Breslau als j\u00fcngstes von elf Kindern einer j\u00fcdisch-orthodoxen Familie geboren. Kritisch und bekennend atheistisch begegnete sie der famili\u00e4ren Tradition. Sie studierte Philosophie, Psychologie, Germanistik und Geschichte in Breslau und G\u00f6ttingen. 1916 bis 1918 promovierte sie in Freiburg mit dem Thema \u201eZum<br>Problem der Einf\u00fchlung\u201c. Ihr Doktorvater war der Philosoph Edmund Husserl. Sie begegnete dem christlichen Glauben durch die Lekt\u00fcre der Autobiographie der Teresa von Avila. 1922 konvertierte sie durch die Taufe zur r\u00f6misch-katholischen Kirche. 1933 trat sie in den K\u00f6lner Karmel ein und w\u00e4hlte den Namen Teresia Benedicta vom Kreuz.<br>Wegen der Judenverfolgung verlie\u00df sie Deutschland und fand am Silvestertag 1938 Aufnahme im Karmel von Echt in den Niederlanden. Am 2. August 1942 wurde sie von den nationalsozialistischen Machthabern verhaftet, deportiert und am 9. August 1942 im Vernichtungslager Auschwitz-Birkenau (Polen) gemeinsam mit ihrer Schwester Rosa<br>ermordet. Papst Johannes Paul II. sprach Edith Stein am 1. Mai 1987 in K\u00f6ln als M\u00e4rtyrerin selig, am 11. Oktober 1998 in Rom heilig.<br>1999 wurde Edith Stein zur Patronin Europas erkl\u00e4rt \u2013 zusammen mit der Heiligen Birgitta und der Heiligen Katharina von Siena. An zahlreichen Orten in Deutschland, \u00d6sterreich und den Niederlanden wird an Edith Stein erinnert. Stra\u00dfen, Geb\u00e4ude, Kliniken, Hochschulen und andere \u00f6ffentliche Einrichtungen wurden nach ihr benannt, so seit 2020 auch die<br>neugegr\u00fcndete Pfarrei Limbach \u2013 Oberfrohna, zu der Wechselburg geh\u00f6rt.<\/p>\n\n\n\n<p><strong>Zum K\u00fcnstler:<\/strong><br>Michael Triegel<br>Wechselburg. Bislang ist die romanische Basilika des Klosters Wechselburg vor allem f\u00fcr ihren Lettner ber\u00fchmt, der um das Jahr 1230 entstand. 2025 soll das Gotteshaus jedoch um ein bedeutendes zeitgen\u00f6ssisches Kunstwerk reicher sein. Der bekannte Leipziger K\u00fcnstler Michael Triegel arbeitet derzeit an einem Gem\u00e4lde f\u00fcr die beliebte mittels\u00e4chsische<br>Wallfahrtskirche. Das Bild soll auf einem Seitenaltar in der Nordapsis seinen Platz finden und Edith Stein (1891-1942) gewidmet sein. Der Holzaltar aus dem fr\u00fchen 16. Jahrhundert, der bislang an dieser Stelle in Wechselburg zu sehen ist, geht zuvor an seinen Leihgeber, das Schlossmuseum Altenburg, zur\u00fcck.<br>Die R\u00fcckgabe des Martinsaltars er\u00f6ffnete die Chance, Wechselburg mit einem zeitgen\u00f6ssischen Kunstwerk auszustatten. Pater Maurus Kra\u00df vom Benediktinerkloster hatte daraufhin die Idee, Michael Triegel wegen der Gestaltung eines neuen Altarbilds anzufragen. Auf seine Initiative hin ging die Kirchgemeinde auf den Leipziger zu, der vor allem wegen<br>seines Papstportr\u00e4ts von Benedikt XVI. 2010 zu enormer Bekanntheit gelangte. Stilistisch orientiert sich Triegel an den Gem\u00e4lden der italienischen Renaissance und des Manierismus.<br><br>Werke des aus Erfurt stammenden 55-j\u00e4hrigen Triegel finden sich unter anderem im<br>Bundespr\u00e4sidialamt in Berlin, im Angermuseum Erfurt, im Leipziger Museum der bildenden K\u00fcnste und im Grassimuseum Leipzig und im Museum am Dom in W\u00fcrzburg. Daneben zieren seine Kunstwerke zahlreiche Kirchen. In Zukunft k\u00f6nnte ein Gem\u00e4lde seiner Hand einen weiteren Grund zum Besuch der Wechselburger Klosterkirche liefern. Bereits heute zieht die Basilika Gl\u00e4ubige, Klosterg\u00e4ste, Wallfahrer und Touristen in ihren Bann.<br><br>Im Rahmen des Europ\u00e4ischen Kulturhauptstadtjahres 2025 in Chemnitz k\u00f6nnten nun auch weitere Kunstliebhaber den Weg nach Wechselburg finden. Papst Franziskus hatte der Heilig-Kreuz-Kirche des Ortes 2018 den Ehrentitel einer Basilica minor verliehen.<br>(Pressestelle Bistum Dresden Mei\u00dfen)<\/p>\n","protected":false},"excerpt":{"rendered":"<p>Radio- und Fernsehgottesdienst aus der Basilika &#8222;Heilig Kreuz&#8220; in Wechselburg mit Live\u00fcbertragung Thema: Edith Stein &#8211; eine europ\u00e4ische Heilige Predigt: Pater Maurus Krass Edith Stein ist mit ihrer Lebens- und Passionsgeschichte eine europ\u00e4ische Heilige mitj\u00fcdischen Wurzeln. Ein Schwerpunkt wird auch das neue Bild des Malers Michael Triegels sein, dass zu Edith Stein f\u00fcr die Basilika [&hellip;]<\/p>\n","protected":false},"author":5,"featured_media":4593,"menu_order":0,"template":"","mi-filters":[],"class_list":["post-4592","mi-dates-events","type-mi-dates-events","status-expired","has-post-thumbnail","hentry"],"acf":[],"_links":{"self":[{"href":"https:\/\/kulturkirche2025.de\/cs\/wp-json\/wp\/v2\/mi-dates-events\/4592","targetHints":{"allow":["GET"]}}],"collection":[{"href":"https:\/\/kulturkirche2025.de\/cs\/wp-json\/wp\/v2\/mi-dates-events"}],"about":[{"href":"https:\/\/kulturkirche2025.de\/cs\/wp-json\/wp\/v2\/types\/mi-dates-events"}],"author":[{"embeddable":true,"href":"https:\/\/kulturkirche2025.de\/cs\/wp-json\/wp\/v2\/users\/5"}],"wp:featuredmedia":[{"embeddable":true,"href":"https:\/\/kulturkirche2025.de\/cs\/wp-json\/wp\/v2\/media\/4593"}],"wp:attachment":[{"href":"https:\/\/kulturkirche2025.de\/cs\/wp-json\/wp\/v2\/media?parent=4592"}],"wp:term":[{"taxonomy":"mi-filters","embeddable":true,"href":"https:\/\/kulturkirche2025.de\/cs\/wp-json\/wp\/v2\/mi-filters?post=4592"}],"curies":[{"name":"wp","href":"https:\/\/api.w.org\/{rel}","templated":true}]}}

<p>Radio- und Fernsehgottesdienst aus der Basilika &#8222;Heilig Kreuz&#8220; in Wechselburg mit Liveübertragung </p>



<p>Thema: Edith Stein &#8211; eine europäische Heilige</p>



<p>Predigt: Pater Maurus Krass</p>



<p>Edith Stein ist mit ihrer Lebens- und Passionsgeschichte eine europäische Heilige mit<br>jüdischen Wurzeln. Ein Schwerpunkt wird auch das neue Bild des Malers Michael Triegels sein, dass zu Edith Stein für die Basilika in Wechselburg derzeit entsteht. Die Sendung läuft im Rahmen der europäischen Kulturhauptstadt Chemnitz 2025, anlässlich des Patronatsfestes von Edith Stein im August 2025.</p>



<p><strong>Zur Person:</strong><br>Edith Stein wurde am 12. Oktober 1891 in Breslau als jüngstes von elf Kindern einer jüdisch-orthodoxen Familie geboren. Kritisch und bekennend atheistisch begegnete sie der familiären Tradition. Sie studierte Philosophie, Psychologie, Germanistik und Geschichte in Breslau und Göttingen. 1916 bis 1918 promovierte sie in Freiburg mit dem Thema „Zum<br>Problem der Einfühlung“. Ihr Doktorvater war der Philosoph Edmund Husserl. Sie begegnete dem christlichen Glauben durch die Lektüre der Autobiographie der Teresa von Avila. 1922 konvertierte sie durch die Taufe zur römisch-katholischen Kirche. 1933 trat sie in den Kölner Karmel ein und wählte den Namen Teresia Benedicta vom Kreuz.<br>Wegen der Judenverfolgung verließ sie Deutschland und fand am Silvestertag 1938 Aufnahme im Karmel von Echt in den Niederlanden. Am 2. August 1942 wurde sie von den nationalsozialistischen Machthabern verhaftet, deportiert und am 9. August 1942 im Vernichtungslager Auschwitz-Birkenau (Polen) gemeinsam mit ihrer Schwester Rosa<br>ermordet. Papst Johannes Paul II. sprach Edith Stein am 1. Mai 1987 in Köln als Märtyrerin selig, am 11. Oktober 1998 in Rom heilig.<br>1999 wurde Edith Stein zur Patronin Europas erklärt – zusammen mit der Heiligen Birgitta und der Heiligen Katharina von Siena. An zahlreichen Orten in Deutschland, Österreich und den Niederlanden wird an Edith Stein erinnert. Straßen, Gebäude, Kliniken, Hochschulen und andere öffentliche Einrichtungen wurden nach ihr benannt, so seit 2020 auch die<br>neugegründete Pfarrei Limbach – Oberfrohna, zu der Wechselburg gehört.</p>



<p><strong>Zum Künstler:</strong><br>Michael Triegel<br>Wechselburg. Bislang ist die romanische Basilika des Klosters Wechselburg vor allem für ihren Lettner berühmt, der um das Jahr 1230 entstand. 2025 soll das Gotteshaus jedoch um ein bedeutendes zeitgenössisches Kunstwerk reicher sein. Der bekannte Leipziger Künstler Michael Triegel arbeitet derzeit an einem Gemälde für die beliebte mittelsächsische<br>Wallfahrtskirche. Das Bild soll auf einem Seitenaltar in der Nordapsis seinen Platz finden und Edith Stein (1891-1942) gewidmet sein. Der Holzaltar aus dem frühen 16. Jahrhundert, der bislang an dieser Stelle in Wechselburg zu sehen ist, geht zuvor an seinen Leihgeber, das Schlossmuseum Altenburg, zurück.<br>Die Rückgabe des Martinsaltars eröffnete die Chance, Wechselburg mit einem zeitgenössischen Kunstwerk auszustatten. Pater Maurus Kraß vom Benediktinerkloster hatte daraufhin die Idee, Michael Triegel wegen der Gestaltung eines neuen Altarbilds anzufragen. Auf seine Initiative hin ging die Kirchgemeinde auf den Leipziger zu, der vor allem wegen<br>seines Papstporträts von Benedikt XVI. 2010 zu enormer Bekanntheit gelangte. Stilistisch orientiert sich Triegel an den Gemälden der italienischen Renaissance und des Manierismus.<br><br>Werke des aus Erfurt stammenden 55-jährigen Triegel finden sich unter anderem im<br>Bundespräsidialamt in Berlin, im Angermuseum Erfurt, im Leipziger Museum der bildenden Künste und im Grassimuseum Leipzig und im Museum am Dom in Würzburg. Daneben zieren seine Kunstwerke zahlreiche Kirchen. In Zukunft könnte ein Gemälde seiner Hand einen weiteren Grund zum Besuch der Wechselburger Klosterkirche liefern. Bereits heute zieht die Basilika Gläubige, Klostergäste, Wallfahrer und Touristen in ihren Bann.<br><br>Im Rahmen des Europäischen Kulturhauptstadtjahres 2025 in Chemnitz könnten nun auch weitere Kunstliebhaber den Weg nach Wechselburg finden. Papst Franziskus hatte der Heilig-Kreuz-Kirche des Ortes 2018 den Ehrentitel einer Basilica minor verliehen.<br>(Pressestelle Bistum Dresden Meißen)</p>

<p>Radio- und Fernsehgottesdienst aus der Basilika &#8222;Heilig Kreuz&#8220; in Wechselburg mit Liveübertragung Thema: Edith Stein &#8211; eine europäische Heilige Predigt: Pater Maurus Krass Edith Stein ist mit ihrer Lebens- und Passionsgeschichte eine europäische Heilige mitjüdischen Wurzeln. Ein Schwerpunkt wird auch das neue Bild des Malers Michael Triegels sein, dass zu Edith Stein für die Basilika [&hellip;]</p>
