{"id":6923,"date":"2024-08-23T09:51:16","date_gmt":"2024-08-23T07:51:16","guid":{"rendered":"https:\/\/kulturkirche2025.de\/veranstaltungen\/evropa-zvoni-za-mir-evropske-mirove-zvoneni\/"},"modified":"2026-04-29T18:35:10","modified_gmt":"2026-04-29T16:35:10","slug":"evropa-zvoni-za-mir-evropske-mirove-zvoneni","status":"publish","type":"mi-dates-events","link":"https:\/\/kulturkirche2025.de\/cs\/veranstaltungen\/evropa-zvoni-za-mir-evropske-mirove-zvoneni\/","title":{"rendered":"Evropa zvon\u00ed za m\u00edr"},"content":{"rendered":"\n<p>Znamen\u00ed. Beze slov.<br \/>Ka\u017ed\u00fd mu rozum\u00ed. Ka\u017ed\u00fd ho sly\u0161\u00ed.<br \/>Zvuk. Zvon\u011bn\u00ed za m\u00edr.<br \/>Zvony zvon\u00ed za m\u00edr \u0161iroko daleko po cel\u00e9 zemi od nepam\u011bti. <br \/>Chceme obnovit evropsk\u00e9 zvon\u011bn\u00ed na m\u00edr a p\u0159ipojit se m\u016f\u017ee ka\u017ed\u00fd: <br \/>\u0161koln\u00edmi zvony, zvony na radnic\u00edch,<br \/>bou\u0159kov\u00fdmi zvony m\u00edrov\u00fdmi zvony, lodn\u00edmi zvony,<br \/>karilony a samoz\u0159ejm\u011b v\u0161emi zvony na kosteln\u00edch v\u011b\u017e\u00edch. <br \/>Z bl\u00edzka i z daleka, v\u0161ichni zvon\u00ed sou\u010dasn\u011b na znamen\u00ed m\u00edrov\u00e9ho spole\u010denstv\u00ed.<br \/>Ka\u017ed\u00fd zvon se po\u010d\u00edt\u00e1.   <\/p>\n\n<p>V <strong>p\u00e1tek 9. kv\u011btna 2025<\/strong> &#8211; na Den Evropy &#8211; chceme obnovit zvon\u011bn\u00ed pro m\u00edr akc\u00ed &#8222;Evropa zvon\u00ed pro m\u00edr&#8220;. Den Evropy stav\u00ed evropsk\u00fd m\u00edrov\u00fd projekt do centra pozornosti. Po\u010d\u00ednaje Evropsk\u00fdm hlavn\u00edm m\u011bstem kultury Chemnitz 2025 bude spole\u010dn\u011b se v\u0161emi b\u00fdval\u00fdmi i nov\u00fdmi \u00fa\u010dastn\u00edky a partnersk\u00fdmi m\u011bsty Nova Gorica (Slovinsko) a Gorizia (It\u00e1lie) nastaveno znamen\u00ed m\u00edru a porozum\u011bn\u00ed.  <\/p>\n\n<p>V Chemnitzu bude v\u011bnov\u00e1na zvl\u00e1\u0161tn\u00ed pozornost za\u010dlen\u011bn\u00ed zvon\u011bn\u00ed na m\u00edr do programu Evropsk\u00e9ho t\u00fddne hlavn\u00edho m\u011bsta kultury v p\u00e1tek 9. kv\u011btna 2025 v 18 hodin.<\/p>\n\n<p>\u00a9 Design: Emma K\u00e4rgling, Text: Roswitha Meyer<\/p>\n\n<div class=\"wp-block-buttons is-layout-flex wp-block-buttons-is-layout-flex\">\n<div class=\"wp-block-button\"><a class=\"wp-block-button__link wp-element-button\" href=\"https:\/\/kulturkirche2025.de\/cs\/evropa-zvoni-za-mir-evropske-mirove-zvoneni\/\">Dal\u0161\u00ed informace a \u00fa\u010dastn\u00edci<\/a><\/div>\n<\/div>\n","protected":false},"excerpt":{"rendered":"<p>Znamen\u00ed. Beze slov.Ka\u017ed\u00fd mu rozum\u00ed. Ka\u017ed\u00fd ho sly\u0161\u00ed.Zvuk. Zvon\u011bn\u00ed za m\u00edr.Zvony zvon\u00ed za m\u00edr \u0161iroko daleko po cel\u00e9 zemi od nepam\u011bti. Chceme obnovit evropsk\u00e9 zvon\u011bn\u00ed na m\u00edr a p\u0159ipojit se m\u016f\u017ee ka\u017ed\u00fd: \u0161koln\u00edmi zvony, zvony na radnic\u00edch,bou\u0159kov\u00fdmi zvony m\u00edrov\u00fdmi zvony, lodn\u00edmi zvony,karilony a samoz\u0159ejm\u011b v\u0161emi zvony na kosteln\u00edch v\u011b\u017e\u00edch. Z bl\u00edzka i z daleka, v\u0161ichni [&hellip;]<\/p>\n","protected":false},"author":5,"featured_media":5989,"menu_order":0,"template":"","mi-filters":[],"class_list":["post-6923","mi-dates-events","type-mi-dates-events","status-publish","has-post-thumbnail","hentry"],"acf":[],"_links":{"self":[{"href":"https:\/\/kulturkirche2025.de\/cs\/wp-json\/wp\/v2\/mi-dates-events\/6923","targetHints":{"allow":["GET"]}}],"collection":[{"href":"https:\/\/kulturkirche2025.de\/cs\/wp-json\/wp\/v2\/mi-dates-events"}],"about":[{"href":"https:\/\/kulturkirche2025.de\/cs\/wp-json\/wp\/v2\/types\/mi-dates-events"}],"author":[{"embeddable":true,"href":"https:\/\/kulturkirche2025.de\/cs\/wp-json\/wp\/v2\/users\/5"}],"wp:featuredmedia":[{"embeddable":true,"href":"https:\/\/kulturkirche2025.de\/cs\/wp-json\/wp\/v2\/media\/5989"}],"wp:attachment":[{"href":"https:\/\/kulturkirche2025.de\/cs\/wp-json\/wp\/v2\/media?parent=6923"}],"wp:term":[{"taxonomy":"mi-filters","embeddable":true,"href":"https:\/\/kulturkirche2025.de\/cs\/wp-json\/wp\/v2\/mi-filters?post=6923"}],"curies":[{"name":"wp","href":"https:\/\/api.w.org\/{rel}","templated":true}]}}

Evropa zvoní za mír

<p>Znamení. Beze slov.<br />Každý mu rozumí. Každý ho slyší.<br />Zvuk. Zvonění za mír.<br />Zvony zvoní za mír široko daleko po celé zemi od nepaměti. <br />Chceme obnovit evropské zvonění na mír a připojit se může každý: <br />školními zvony, zvony na radnicích,<br />bouřkovými zvony mírovými zvony, lodními zvony,<br />karilony a samozřejmě všemi zvony na kostelních věžích. <br />Z blízka i z daleka, všichni zvoní současně na znamení mírového společenství.<br />Každý zvon se počítá.   </p>

<p>V <strong>pátek 9. května 2025</strong> &#8211; na Den Evropy &#8211; chceme obnovit zvonění pro mír akcí &#8222;Evropa zvoní pro mír&#8220;. Den Evropy staví evropský mírový projekt do centra pozornosti. Počínaje Evropským hlavním městem kultury Chemnitz 2025 bude společně se všemi bývalými i novými účastníky a partnerskými městy Nova Gorica (Slovinsko) a Gorizia (Itálie) nastaveno znamení míru a porozumění.  </p>

<p>V Chemnitzu bude věnována zvláštní pozornost začlenění zvonění na mír do programu Evropského týdne hlavního města kultury v pátek 9. května 2025 v 18 hodin.</p>

<p>© Design: Emma Kärgling, Text: Roswitha Meyer</p>

<div class="wp-block-buttons is-layout-flex wp-block-buttons-is-layout-flex">
<div class="wp-block-button"><a class="wp-block-button__link wp-element-button" href="https://kulturkirche2025.de/cs/evropa-zvoni-za-mir-evropske-mirove-zvoneni/">Další informace a účastníci</a></div>
</div>

<p>Znamení. Beze slov.Každý mu rozumí. Každý ho slyší.Zvuk. Zvonění za mír.Zvony zvoní za mír široko daleko po celé zemi od nepaměti. Chceme obnovit evropské zvonění na mír a připojit se může každý: školními zvony, zvony na radnicích,bouřkovými zvony mírovými zvony, lodními zvony,karilony a samozřejmě všemi zvony na kostelních věžích. Z blízka i z daleka, všichni [&hellip;]</p>
