{"id":7408,"date":"2025-05-19T20:53:08","date_gmt":"2025-05-19T18:53:08","guid":{"rendered":"https:\/\/kulturkirche2025.de\/?post_type=mi-dates-events&#038;p=7408"},"modified":"2026-04-30T18:35:20","modified_gmt":"2026-04-30T16:35:20","slug":"st-matthaeus-konzert-serie-3","status":"expired","type":"mi-dates-events","link":"https:\/\/kulturkirche2025.de\/cs\/veranstaltungen\/st-matthaeus-konzert-serie-3\/","title":{"rendered":"St. Matth\u00e4us Konzert-Serie in St. Matth\u00e4us"},"content":{"rendered":"\n<p>Die St. Matth\u00e4us-Kirchgemeinde Chemnitz-Altendorf bietet im Jahr 2025 verschiedene Konzerte an. Diese finden entweder in der Kirche im Rehabilitationszentrum f\u00fcr Blinde und Sehbehinderte (Flemmingsstra\u00dfe 8) oder in der St. Matth\u00e4us-Kirche (Zinzendorfstra\u00dfe 14) statt. Weitere Informationen bei der jeweiligen Veranstaltung.<\/p>\n\n\n\n<p>29.08, 19:00 Uhr<br>&#8222;Singende H\u00f6rner&#8220; Konzert mit dem Hornquartett unter Leitung von Mathis Stendike<br>Kirche im Landeszentrum f\u00fcr Blinde und Sehbehinderte<br>Eintritt frei<\/p>\n\n\n\n<p><strong>17.09, 19:30 Uhr<br>Buchvorstellung, Lesung und Orgelmusik mit Fahrradkantor Martin Schulze (Frankfurt\/Oder)<br>St. Matth\u00e4us-Kirche<br>Eintritt frei<\/strong><\/p>\n\n\n\n<p><strong>19.09, 19:00 Uhr<br>&#8222;Streifzug durch die Jahrhunderte&#8220; Orgelkonzert mit Fahrradkantor Martin Schulze<br>St. Matth\u00e4us-Kirche<br>Eintritt 5,- \u20ac \/ erm\u00e4\u00dfigt 3,- \u20ac<\/strong><\/p>\n\n\n\n<p><strong>20.09.2025<\/strong><br><strong>14.30 Uhr: Buntes Kinderprogramm im Park vor der Kirche mit Zauberk\u00fcnstler Huxlifax<\/strong><br><strong>16:00 Uhr: Familienkonzert zum Weltkindertag mit Sebastian Rochlitzer,<br>St. Matth\u00e4us-Kirche<br>Eintritt 8,- \u20ac \/ Kinder: 5,- \u20ac \/ Familien (2 Erw. + Kinder) 20,- \u20ac<\/strong><\/p>\n\n\n\n<p>26.09, 17:00 Uhr<br>&#8222;Kunterbunt&#8220; Konzert der St\u00e4dtischen Musikschule Chemnitz unter der Leitung von Christiane Korn<br>Kirche im Landeszentrum f\u00fcr Blinde und Sehbehinderte<br>Eintritt frei<\/p>\n\n\n\n<p><strong>25.10, 19:00 Uhr<br>Liedermacherkonzert &#8222;Es ist dieselbe Sonne&#8220; der EIDNER &amp; SCHMIDT-TOUR 2025<br>St. Matth\u00e4us-Kirche<br>Eintritt 10,- \u20ac \/ erm\u00e4\u00dfigt 7,- \u20ac<\/strong><\/p>\n\n\n\n<p><strong>7.12, 16:00 Uhr<br>Adventsmusik im Kerzenschein mit Cantico Chemnitz unter der Leitung von Georg Christoph Sandmann<br>St. Matth\u00e4us-Kirche<br>Eintritt frei<\/strong><\/p>\n\n\n\n<p><strong>16.12, 19:30 Uhr<br>Weihnachtskonzert der Tuesday-Singers unter der Leitung von Anja Schumann<br>St. Matth\u00e4us-Kirche <br>Eintritt frei<\/strong><\/p>\n","protected":false},"excerpt":{"rendered":"<p>Die St. Matth\u00e4us-Kirchgemeinde Chemnitz-Altendorf bietet im Jahr 2025 verschiedene Konzerte an. Diese finden entweder in der Kirche im Rehabilitationszentrum f\u00fcr Blinde und Sehbehinderte (Flemmingsstra\u00dfe 8) oder in der St. Matth\u00e4us-Kirche (Zinzendorfstra\u00dfe 14) statt. Weitere Informationen bei der jeweiligen Veranstaltung. 29.08, 19:00 Uhr&#8222;Singende H\u00f6rner&#8220; Konzert mit dem Hornquartett unter Leitung von Mathis StendikeKirche im Landeszentrum f\u00fcr [&hellip;]<\/p>\n","protected":false},"author":5,"featured_media":4287,"menu_order":0,"template":"","mi-filters":[],"class_list":["post-7408","mi-dates-events","type-mi-dates-events","status-expired","has-post-thumbnail","hentry"],"acf":[],"_links":{"self":[{"href":"https:\/\/kulturkirche2025.de\/cs\/wp-json\/wp\/v2\/mi-dates-events\/7408","targetHints":{"allow":["GET"]}}],"collection":[{"href":"https:\/\/kulturkirche2025.de\/cs\/wp-json\/wp\/v2\/mi-dates-events"}],"about":[{"href":"https:\/\/kulturkirche2025.de\/cs\/wp-json\/wp\/v2\/types\/mi-dates-events"}],"author":[{"embeddable":true,"href":"https:\/\/kulturkirche2025.de\/cs\/wp-json\/wp\/v2\/users\/5"}],"wp:featuredmedia":[{"embeddable":true,"href":"https:\/\/kulturkirche2025.de\/cs\/wp-json\/wp\/v2\/media\/4287"}],"wp:attachment":[{"href":"https:\/\/kulturkirche2025.de\/cs\/wp-json\/wp\/v2\/media?parent=7408"}],"wp:term":[{"taxonomy":"mi-filters","embeddable":true,"href":"https:\/\/kulturkirche2025.de\/cs\/wp-json\/wp\/v2\/mi-filters?post=7408"}],"curies":[{"name":"wp","href":"https:\/\/api.w.org\/{rel}","templated":true}]}}

St. Matthäus Konzert-Serie in St. Matthäus

<p>Die St. Matthäus-Kirchgemeinde Chemnitz-Altendorf bietet im Jahr 2025 verschiedene Konzerte an. Diese finden entweder in der Kirche im Rehabilitationszentrum für Blinde und Sehbehinderte (Flemmingsstraße 8) oder in der St. Matthäus-Kirche (Zinzendorfstraße 14) statt. Weitere Informationen bei der jeweiligen Veranstaltung.</p>



<p>29.08, 19:00 Uhr<br>&#8222;Singende Hörner&#8220; Konzert mit dem Hornquartett unter Leitung von Mathis Stendike<br>Kirche im Landeszentrum für Blinde und Sehbehinderte<br>Eintritt frei</p>



<p><strong>17.09, 19:30 Uhr<br>Buchvorstellung, Lesung und Orgelmusik mit Fahrradkantor Martin Schulze (Frankfurt/Oder)<br>St. Matthäus-Kirche<br>Eintritt frei</strong></p>



<p><strong>19.09, 19:00 Uhr<br>&#8222;Streifzug durch die Jahrhunderte&#8220; Orgelkonzert mit Fahrradkantor Martin Schulze<br>St. Matthäus-Kirche<br>Eintritt 5,- € / ermäßigt 3,- €</strong></p>



<p><strong>20.09.2025</strong><br><strong>14.30 Uhr: Buntes Kinderprogramm im Park vor der Kirche mit Zauberkünstler Huxlifax</strong><br><strong>16:00 Uhr: Familienkonzert zum Weltkindertag mit Sebastian Rochlitzer,<br>St. Matthäus-Kirche<br>Eintritt 8,- € / Kinder: 5,- € / Familien (2 Erw. + Kinder) 20,- €</strong></p>



<p>26.09, 17:00 Uhr<br>&#8222;Kunterbunt&#8220; Konzert der Städtischen Musikschule Chemnitz unter der Leitung von Christiane Korn<br>Kirche im Landeszentrum für Blinde und Sehbehinderte<br>Eintritt frei</p>



<p><strong>25.10, 19:00 Uhr<br>Liedermacherkonzert &#8222;Es ist dieselbe Sonne&#8220; der EIDNER &amp; SCHMIDT-TOUR 2025<br>St. Matthäus-Kirche<br>Eintritt 10,- € / ermäßigt 7,- €</strong></p>



<p><strong>7.12, 16:00 Uhr<br>Adventsmusik im Kerzenschein mit Cantico Chemnitz unter der Leitung von Georg Christoph Sandmann<br>St. Matthäus-Kirche<br>Eintritt frei</strong></p>



<p><strong>16.12, 19:30 Uhr<br>Weihnachtskonzert der Tuesday-Singers unter der Leitung von Anja Schumann<br>St. Matthäus-Kirche <br>Eintritt frei</strong></p>

<p>Die St. Matthäus-Kirchgemeinde Chemnitz-Altendorf bietet im Jahr 2025 verschiedene Konzerte an. Diese finden entweder in der Kirche im Rehabilitationszentrum für Blinde und Sehbehinderte (Flemmingsstraße 8) oder in der St. Matthäus-Kirche (Zinzendorfstraße 14) statt. Weitere Informationen bei der jeweiligen Veranstaltung. 29.08, 19:00 Uhr&#8222;Singende Hörner&#8220; Konzert mit dem Hornquartett unter Leitung von Mathis StendikeKirche im Landeszentrum für [&hellip;]</p>
