{"id":10081,"date":"2025-10-02T20:33:14","date_gmt":"2025-10-02T18:33:14","guid":{"rendered":"https:\/\/kulturkirche2025.de\/?post_type=mi-dates-events&#038;p=10081"},"modified":"2026-04-30T18:35:19","modified_gmt":"2026-04-30T16:35:19","slug":"komm-den-frieden-wecken-friedensdekade-2025","status":"expired","type":"mi-dates-events","link":"https:\/\/kulturkirche2025.de\/en\/veranstaltungen\/komm-den-frieden-wecken-friedensdekade-2025\/","title":{"rendered":"Komm den Frieden wecken &#8211; FriedensDekade 2025"},"content":{"rendered":"\n<p>Seit 45 Jahren steht die \u00d6kumenische FriedensDekade (www.friedensdekade.de) f\u00fcr das gemeinsame Engagement vieler Christinnen und Christen, die sich f\u00fcr Gerechtigkeit, Frieden und die Bewahrung der Sch\u00f6pfung einsetzen. Angesichts der aktuellen globalen Herausforderungen ist das Gebet und Handeln f\u00fcr den Frieden n\u00f6tiger denn je.<\/p>\n\n\n\n<p>Der bundesweite zentrale Gottesdienst am Mi 12. Nov. 25 in St. Jakobi Chemnitz wird in diesem Jahr vorbereitet von der Arbeitsgemeinschaft Christlicher Kirchen in Deutschland (ACK), gemeinsam mit dem Stadt\u00f6kumenekreis Chemnitz und der ACK im Freistaat Sachsen. Er steht unter dem Motto der FriedensDekade 2025:\u201eKomm den Frieden wecken\u201c.<\/p>\n\n\n\n<p>Im Anschluss an den Gottesdienst wird im Rahmen des \u00d6kumenepreises der ACK 2025 der Jurypreis verliehen \u2013 an das interreligi\u00f6se Chemnitzer Projekt \u201eHarmonie der Menschlichkeit\u201c des Vereins Br\u00fcckenbauer Chemnitz e.V.<br>Alle G\u00e4ste sind im Anschluss herzlich zu einem Empfang eingeladen.<br>Anmeldung \u00fcber das Ticketsystem: <a href=\"https:\/\/www.jesaja.org\/event\/bundesweite-feier-der-oekumenischen-friedensdekade-2025-2025\">https:\/\/www.jesaja.org\/event\/bundesweite-feier-der-oekumenischen-friedensdekade-2025-2025<\/a><\/p>\n\n\n\n<p>Komm den Frieden wecken<\/p>\n\n\n\n<p>W\u00e4hrend die Sorge vor Kriegen in vielen L\u00e4ndern w\u00e4chst und auch in Deutschland massiv aufger\u00fcstet wird, bitten wir Sie\/euch, den Frieden zu \u201ewecken\u201c. Denn Frieden ist kein Selbstl\u00e4ufer. Er braucht Menschen, die ihn einfordern, entdecken und gestalten.<\/p>\n\n\n\n<p>Das Motto der \u00f6kumenischen FriedensDekade 2025 ruft dazu auf, nicht zu resignieren, sondern aktiv Verantwortung zu \u00fcbernehmen &#8211; f\u00fcr ein gerechtes friedliches Miteinander vor Ort und weltweit.<\/p>\n\n\n\n<p>In den Kirchgemeinden unserer Region finden deshalb vom 9. bis 19.November t\u00e4glich Veranstaltungen dazu statt. Das sind Gottesdienste, Friedensgebete und Gemeindeabende.<\/p>\n\n\n\n<hr class=\"wp-block-separator has-alpha-channel-opacity\" \/>\n\n\n\n<p>T\u00e4gliches <strong>Mittagsgebet<\/strong> 12 Uhr in St. Jakobi<\/p>\n\n\n\n<p>T\u00e4gliches <strong>Abendgebet<\/strong> 18 Uhr in St. Andreas au\u00dfer an den Sonntagen und am Freitag 14.11.<\/p>\n\n\n\n<p>W\u00f6chentliches <strong>Friedensgebet <\/strong>jeden Mittwoch 18 Uhr in St. Petri<\/p>\n\n\n\n<hr class=\"wp-block-separator has-alpha-channel-opacity\" \/>\n\n\n\n<p><strong>Sonntag 9.11.<\/strong><\/p>\n\n\n\n<p>9.30 Uhr Gottesdienst zur Friedensdekade in der Kreuzkirche<\/p>\n\n\n\n<p>10 Uhr Familienkirche mit Er\u00f6ffnung der Friedensdekade in St. Andreas<\/p>\n\n\n\n<p>14-18 Uhr Kirchweihfest in Trinitatis \u201eKomm den Frieden wecken\u201c<\/p>\n\n\n\n<hr class=\"wp-block-separator has-alpha-channel-opacity\" \/>\n\n\n\n<p><strong>Mittwoch 12.11.<\/strong><\/p>\n\n\n\n<p><strong>18 Uhr zentraler Gottesdienst der \u00d6kumenischen FriedensDekade 2025 mit Verleihung des Jurypreises des \u00d6kumenepreises der ACK<\/strong><\/p>\n\n\n\n<p>Stadtkirche St. Jakobi, Chemnitz (Jakobikirchplatz 1, 09111 Chemnitz)<\/p>\n\n\n\n<div class=\"wp-block-media-text is-stacked-on-mobile is-vertically-aligned-center\" style=\"grid-template-columns:47% auto\"><figure class=\"wp-block-media-text__media\"><img loading=\"lazy\" decoding=\"async\" width=\"1200\" height=\"600\" src=\"https:\/\/kulturkirche2025.de\/wp-content\/uploads\/2025\/10\/keyvisual-1-1200x600.jpg\" alt=\"\" class=\"wp-image-10136 size-full\" srcset=\"https:\/\/kulturkirche2025.de\/wp-content\/uploads\/2025\/10\/keyvisual-1-1200x600.jpg 1200w, https:\/\/kulturkirche2025.de\/wp-content\/uploads\/2025\/10\/keyvisual-1-600x300.jpg 600w, https:\/\/kulturkirche2025.de\/wp-content\/uploads\/2025\/10\/keyvisual-1-768x384.jpg 768w, https:\/\/kulturkirche2025.de\/wp-content\/uploads\/2025\/10\/keyvisual-1.jpg 1240w\" sizes=\"auto, (max-width: 1200px) 100vw, 1200px\" \/><\/figure><div class=\"wp-block-media-text__content\">\n<p>Im Anschluss an den Gottesdienst wird im Rahmen des \u00d6kumenepreises der ACK 2025 der Jurypreis verliehen \u2013 an das interreligi\u00f6se Chemnitzer Projekt \u201eHarmonie der Menschlichkeit\u201c des Vereins Br\u00fcckenbauer Chemnitz e.V.<br>Alle G\u00e4ste sind im Anschluss herzlich zu einem Empfang eingeladen.<br>Anmeldung \u00fcber das Ticketsystem: https:\/\/www.jesaja.org\/event\/bundesweite-feier-der-oekumenischen-friedensdekade-2025-2025<\/p>\n<\/div><\/div>\n\n\n\n<hr class=\"wp-block-separator has-alpha-channel-opacity\" \/>\n\n\n\n<p><strong>Donnerstag 13.11.<\/strong><\/p>\n\n\n\n<p>19 Uhr Miteinanderkreis zum Thema \u201eLicht in die Welt bringen. Selbst Kerzen gestalten\u201c in Trinitatis<\/p>\n\n\n\n<hr class=\"wp-block-separator has-alpha-channel-opacity\" \/>\n\n\n\n<p><strong>Freitag 14.11.<\/strong><\/p>\n\n\n\n<p>19 Uhr Gemeindeabend zur Friedensdekade in St. Andreas<\/p>\n\n\n\n<hr class=\"wp-block-separator has-alpha-channel-opacity\" \/>\n\n\n\n<p><strong>Mittwoch 19.11.<\/strong><\/p>\n\n\n\n<p>10 Uhr Regionaler Gottesdienst zum Abschluss der Friedensdekade in Trinitatis<\/p>\n\n\n\n<hr class=\"wp-block-separator has-alpha-channel-opacity\" \/>\n\n\n\n<p><strong>Mehr Infos: <a href=\"http:\/\/friedensdekade.de\">friedensdekade.de<\/a><\/strong><\/p>\n\n\n\n<p><a href=\"https:\/\/www.friedensdekade.de\/chemnitz-wird-buehne-des-friedens-musik-geschichte-und-engagement-in-der-friedensdekade-2025\/\">Weitere Termine zur Friedensdekade in Chemnitz<\/a><\/p>\n","protected":false},"excerpt":{"rendered":"<p>Seit 45 Jahren steht die \u00d6kumenische FriedensDekade (www.friedensdekade.de) f\u00fcr das gemeinsame Engagement vieler Christinnen und Christen, die sich f\u00fcr Gerechtigkeit, Frieden und die Bewahrung der Sch\u00f6pfung einsetzen. Angesichts der aktuellen globalen Herausforderungen ist das Gebet und Handeln f\u00fcr den Frieden n\u00f6tiger denn je. Der bundesweite zentrale Gottesdienst am Mi 12. Nov. 25 in St. Jakobi [&hellip;]<\/p>\n","protected":false},"author":5,"featured_media":10082,"menu_order":0,"template":"","mi-filters":[],"class_list":["post-10081","mi-dates-events","type-mi-dates-events","status-expired","has-post-thumbnail","hentry"],"acf":[],"_links":{"self":[{"href":"https:\/\/kulturkirche2025.de\/en\/wp-json\/wp\/v2\/mi-dates-events\/10081","targetHints":{"allow":["GET"]}}],"collection":[{"href":"https:\/\/kulturkirche2025.de\/en\/wp-json\/wp\/v2\/mi-dates-events"}],"about":[{"href":"https:\/\/kulturkirche2025.de\/en\/wp-json\/wp\/v2\/types\/mi-dates-events"}],"author":[{"embeddable":true,"href":"https:\/\/kulturkirche2025.de\/en\/wp-json\/wp\/v2\/users\/5"}],"wp:featuredmedia":[{"embeddable":true,"href":"https:\/\/kulturkirche2025.de\/en\/wp-json\/wp\/v2\/media\/10082"}],"wp:attachment":[{"href":"https:\/\/kulturkirche2025.de\/en\/wp-json\/wp\/v2\/media?parent=10081"}],"wp:term":[{"taxonomy":"mi-filters","embeddable":true,"href":"https:\/\/kulturkirche2025.de\/en\/wp-json\/wp\/v2\/mi-filters?post=10081"}],"curies":[{"name":"wp","href":"https:\/\/api.w.org\/{rel}","templated":true}]}}

<p>Seit 45 Jahren steht die Ökumenische FriedensDekade (www.friedensdekade.de) für das gemeinsame Engagement vieler Christinnen und Christen, die sich für Gerechtigkeit, Frieden und die Bewahrung der Schöpfung einsetzen. Angesichts der aktuellen globalen Herausforderungen ist das Gebet und Handeln für den Frieden nötiger denn je.</p>



<p>Der bundesweite zentrale Gottesdienst am Mi 12. Nov. 25 in St. Jakobi Chemnitz wird in diesem Jahr vorbereitet von der Arbeitsgemeinschaft Christlicher Kirchen in Deutschland (ACK), gemeinsam mit dem Stadtökumenekreis Chemnitz und der ACK im Freistaat Sachsen. Er steht unter dem Motto der FriedensDekade 2025:„Komm den Frieden wecken“.</p>



<p>Im Anschluss an den Gottesdienst wird im Rahmen des Ökumenepreises der ACK 2025 der Jurypreis verliehen – an das interreligiöse Chemnitzer Projekt „Harmonie der Menschlichkeit“ des Vereins Brückenbauer Chemnitz e.V.<br>Alle Gäste sind im Anschluss herzlich zu einem Empfang eingeladen.<br>Anmeldung über das Ticketsystem: <a href="https://www.jesaja.org/event/bundesweite-feier-der-oekumenischen-friedensdekade-2025-2025">https://www.jesaja.org/event/bundesweite-feier-der-oekumenischen-friedensdekade-2025-2025</a></p>



<p>Komm den Frieden wecken</p>



<p>Während die Sorge vor Kriegen in vielen Ländern wächst und auch in Deutschland massiv aufgerüstet wird, bitten wir Sie/euch, den Frieden zu „wecken“. Denn Frieden ist kein Selbstläufer. Er braucht Menschen, die ihn einfordern, entdecken und gestalten.</p>



<p>Das Motto der ökumenischen FriedensDekade 2025 ruft dazu auf, nicht zu resignieren, sondern aktiv Verantwortung zu übernehmen &#8211; für ein gerechtes friedliches Miteinander vor Ort und weltweit.</p>



<p>In den Kirchgemeinden unserer Region finden deshalb vom 9. bis 19.November täglich Veranstaltungen dazu statt. Das sind Gottesdienste, Friedensgebete und Gemeindeabende.</p>



<hr class="wp-block-separator has-alpha-channel-opacity" />



<p>Tägliches <strong>Mittagsgebet</strong> 12 Uhr in St. Jakobi</p>



<p>Tägliches <strong>Abendgebet</strong> 18 Uhr in St. Andreas außer an den Sonntagen und am Freitag 14.11.</p>



<p>Wöchentliches <strong>Friedensgebet </strong>jeden Mittwoch 18 Uhr in St. Petri</p>



<hr class="wp-block-separator has-alpha-channel-opacity" />



<p><strong>Sonntag 9.11.</strong></p>



<p>9.30 Uhr Gottesdienst zur Friedensdekade in der Kreuzkirche</p>



<p>10 Uhr Familienkirche mit Eröffnung der Friedensdekade in St. Andreas</p>



<p>14-18 Uhr Kirchweihfest in Trinitatis „Komm den Frieden wecken“</p>



<hr class="wp-block-separator has-alpha-channel-opacity" />



<p><strong>Mittwoch 12.11.</strong></p>



<p><strong>18 Uhr zentraler Gottesdienst der Ökumenischen FriedensDekade 2025 mit Verleihung des Jurypreises des Ökumenepreises der ACK</strong></p>



<p>Stadtkirche St. Jakobi, Chemnitz (Jakobikirchplatz 1, 09111 Chemnitz)</p>



<div class="wp-block-media-text is-stacked-on-mobile is-vertically-aligned-center" style="grid-template-columns:47% auto"><figure class="wp-block-media-text__media"><img loading="lazy" decoding="async" width="1200" height="600" src="https://kulturkirche2025.de/wp-content/uploads/2025/10/keyvisual-1-1200x600.jpg" alt="" class="wp-image-10136 size-full" srcset="https://kulturkirche2025.de/wp-content/uploads/2025/10/keyvisual-1-1200x600.jpg 1200w, https://kulturkirche2025.de/wp-content/uploads/2025/10/keyvisual-1-600x300.jpg 600w, https://kulturkirche2025.de/wp-content/uploads/2025/10/keyvisual-1-768x384.jpg 768w, https://kulturkirche2025.de/wp-content/uploads/2025/10/keyvisual-1.jpg 1240w" sizes="auto, (max-width: 1200px) 100vw, 1200px" /></figure><div class="wp-block-media-text__content">
<p>Im Anschluss an den Gottesdienst wird im Rahmen des Ökumenepreises der ACK 2025 der Jurypreis verliehen – an das interreligiöse Chemnitzer Projekt „Harmonie der Menschlichkeit“ des Vereins Brückenbauer Chemnitz e.V.<br>Alle Gäste sind im Anschluss herzlich zu einem Empfang eingeladen.<br>Anmeldung über das Ticketsystem: https://www.jesaja.org/event/bundesweite-feier-der-oekumenischen-friedensdekade-2025-2025</p>
</div></div>



<hr class="wp-block-separator has-alpha-channel-opacity" />



<p><strong>Donnerstag 13.11.</strong></p>



<p>19 Uhr Miteinanderkreis zum Thema „Licht in die Welt bringen. Selbst Kerzen gestalten“ in Trinitatis</p>



<hr class="wp-block-separator has-alpha-channel-opacity" />



<p><strong>Freitag 14.11.</strong></p>



<p>19 Uhr Gemeindeabend zur Friedensdekade in St. Andreas</p>



<hr class="wp-block-separator has-alpha-channel-opacity" />



<p><strong>Mittwoch 19.11.</strong></p>



<p>10 Uhr Regionaler Gottesdienst zum Abschluss der Friedensdekade in Trinitatis</p>



<hr class="wp-block-separator has-alpha-channel-opacity" />



<p><strong>Mehr Infos: <a href="http://friedensdekade.de">friedensdekade.de</a></strong></p>



<p><a href="https://www.friedensdekade.de/chemnitz-wird-buehne-des-friedens-musik-geschichte-und-engagement-in-der-friedensdekade-2025/">Weitere Termine zur Friedensdekade in Chemnitz</a></p>

<p>Seit 45 Jahren steht die Ökumenische FriedensDekade (www.friedensdekade.de) für das gemeinsame Engagement vieler Christinnen und Christen, die sich für Gerechtigkeit, Frieden und die Bewahrung der Schöpfung einsetzen. Angesichts der aktuellen globalen Herausforderungen ist das Gebet und Handeln für den Frieden nötiger denn je. Der bundesweite zentrale Gottesdienst am Mi 12. Nov. 25 in St. Jakobi [&hellip;]</p>
