{"id":2817,"date":"2024-04-26T10:37:23","date_gmt":"2024-04-26T08:37:23","guid":{"rendered":"https:\/\/kulturkirche2025.de\/?post_type=mi-dates-events&#038;p=2817"},"modified":"2026-04-26T18:36:45","modified_gmt":"2026-04-26T16:36:45","slug":"europaeische-bergpredigt-4","status":"expired","type":"mi-dates-events","link":"https:\/\/kulturkirche2025.de\/en\/veranstaltungen\/europaeische-bergpredigt-4\/","title":{"rendered":"Europ\u00e4ische Bergpredigt"},"content":{"rendered":"\n<p><\/p>\n\n\n\n<p>Den Auftakt des Kulturkirchenprogrammes der Europ\u00e4ischen Kulturhauptstadt Chemnitz im Advent 2024 steht unter dem Motto: Licht im Advent. <\/p>\n\n\n\n<p>Wir beginnen den Auftakt mit einem \u00d6kumenischen Gottesdienst am Samstag des ersten Adventswochenendes 30.11.24 17 Uhr in der St. Petrikirche Chemnitz. <\/p>\n\n\n\n<p>Ein Familiennachmittag im SMAC am 2. Advent unter dem Motto: Beh\u00fcte euch das Licht!<\/p>\n\n\n\n<p>und die Vernissage von Engel und Bergmann in Chemnitz, Wolkenstein und Zwikau <\/p>\n\n\n\n<p>betrachten verschiedene Aspekte des Lichtes im Advent.<\/p>\n\n\n\n<p>Den Auftakt beschlie\u00dft eine Europ\u00e4ische Bergpredigt von Bischof Luk\u00e1\u0161 Bujna, Tschechoslowakische Hussitische Kirche.<\/p>\n\n\n\n<p>Dieses Kulturhauptstadtprojekt der Europ\u00e4ischen Bergrede und Europ\u00e4ischen Bergpredigt m\u00f6chte Pers\u00f6nlichkeiten aus Kunst, Kultur, Kirche, Wissenschaft und Wirtschaft \u00fcber Grenzen hinweg zu einem Dialog mit uns einladen. Besonders wichtig ist uns als Kulturkirche der Kontakt \u00fcber die nahe Grenze nach Tschechien.<\/p>\n\n\n\n<p><\/p>\n","protected":false},"excerpt":{"rendered":"<p>Den Auftakt des Kulturkirchenprogrammes der Europ\u00e4ischen Kulturhauptstadt Chemnitz im Advent 2024 steht unter dem Motto: Licht im Advent. Wir beginnen den Auftakt mit einem \u00d6kumenischen Gottesdienst am Samstag des ersten Adventswochenendes 30.11.24 17 Uhr in der St. Petrikirche Chemnitz. Ein Familiennachmittag im SMAC am 2. Advent unter dem Motto: Beh\u00fcte euch das Licht! und die [&hellip;]<\/p>\n","protected":false},"author":5,"featured_media":2979,"menu_order":0,"template":"","mi-filters":[],"class_list":["post-2817","mi-dates-events","type-mi-dates-events","status-expired","has-post-thumbnail","hentry"],"acf":[],"_links":{"self":[{"href":"https:\/\/kulturkirche2025.de\/en\/wp-json\/wp\/v2\/mi-dates-events\/2817","targetHints":{"allow":["GET"]}}],"collection":[{"href":"https:\/\/kulturkirche2025.de\/en\/wp-json\/wp\/v2\/mi-dates-events"}],"about":[{"href":"https:\/\/kulturkirche2025.de\/en\/wp-json\/wp\/v2\/types\/mi-dates-events"}],"author":[{"embeddable":true,"href":"https:\/\/kulturkirche2025.de\/en\/wp-json\/wp\/v2\/users\/5"}],"wp:featuredmedia":[{"embeddable":true,"href":"https:\/\/kulturkirche2025.de\/en\/wp-json\/wp\/v2\/media\/2979"}],"wp:attachment":[{"href":"https:\/\/kulturkirche2025.de\/en\/wp-json\/wp\/v2\/media?parent=2817"}],"wp:term":[{"taxonomy":"mi-filters","embeddable":true,"href":"https:\/\/kulturkirche2025.de\/en\/wp-json\/wp\/v2\/mi-filters?post=2817"}],"curies":[{"name":"wp","href":"https:\/\/api.w.org\/{rel}","templated":true}]}}

Europäische Bergpredigt

<p></p>



<p>Den Auftakt des Kulturkirchenprogrammes der Europäischen Kulturhauptstadt Chemnitz im Advent 2024 steht unter dem Motto: Licht im Advent. </p>



<p>Wir beginnen den Auftakt mit einem Ökumenischen Gottesdienst am Samstag des ersten Adventswochenendes 30.11.24 17 Uhr in der St. Petrikirche Chemnitz. </p>



<p>Ein Familiennachmittag im SMAC am 2. Advent unter dem Motto: Behüte euch das Licht!</p>



<p>und die Vernissage von Engel und Bergmann in Chemnitz, Wolkenstein und Zwikau </p>



<p>betrachten verschiedene Aspekte des Lichtes im Advent.</p>



<p>Den Auftakt beschließt eine Europäische Bergpredigt von Bischof Lukáš Bujna, Tschechoslowakische Hussitische Kirche.</p>



<p>Dieses Kulturhauptstadtprojekt der Europäischen Bergrede und Europäischen Bergpredigt möchte Persönlichkeiten aus Kunst, Kultur, Kirche, Wissenschaft und Wirtschaft über Grenzen hinweg zu einem Dialog mit uns einladen. Besonders wichtig ist uns als Kulturkirche der Kontakt über die nahe Grenze nach Tschechien.</p>



<p></p>

<p>Den Auftakt des Kulturkirchenprogrammes der Europäischen Kulturhauptstadt Chemnitz im Advent 2024 steht unter dem Motto: Licht im Advent. Wir beginnen den Auftakt mit einem Ökumenischen Gottesdienst am Samstag des ersten Adventswochenendes 30.11.24 17 Uhr in der St. Petrikirche Chemnitz. Ein Familiennachmittag im SMAC am 2. Advent unter dem Motto: Behüte euch das Licht! und die [&hellip;]</p>
