{"id":3689,"date":"2024-09-25T14:46:36","date_gmt":"2024-09-25T12:46:36","guid":{"rendered":"https:\/\/kulturkirche2025.de\/?post_type=mi-dates-events&#038;p=3689"},"modified":"2026-04-26T18:36:44","modified_gmt":"2026-04-26T16:36:44","slug":"forum-diaspora","status":"expired","type":"mi-dates-events","link":"https:\/\/kulturkirche2025.de\/en\/veranstaltungen\/forum-diaspora\/","title":{"rendered":"Forum diaspora: Vers\u00f6hnungsgeschichten an deutschen Grenzen"},"content":{"rendered":"\n<p>\u201eBegegnung und Vers\u00f6hnung an deutschen Grenzen \u2013 Zwei Erfolgsgeschichten\u201c<\/p>\n\n\n\n<p>Die deutsch-franz\u00f6sische Begegnungskapelle (Chapelle de la Rencontre) steht an der Grenze zwischen Kehl und Strasbourg (F). In drei blutigen Kriegen sind in diesem Gebiet unz\u00e4hlige Menschen gestorben. Die Mitarbeiter dort leisten auf vielf\u00e4ltigen Wegen Vers\u00f6hnungsarbeit \u2013 jeden Tag aufs Neue. Das ist auch die Mission des neuen Pfarrers Richard Vlas\u00e1k in Rumburk (Tschechien). Vlas\u00e1k gestaltet die grenz\u00fcberschreitende Arbeit mit der Partnergemeinde in Jonsdorf. Nach der Vertreibung der Deutschen wurden im Grenzgebiet Roma angesiedelt, die sich lange Zeit nicht angenommen f\u00fchlten. Im Forum berichten uns G\u00e4ste ihrer spannenden Arbeit.<\/p>\n","protected":false},"excerpt":{"rendered":"<p>\u201eBegegnung und Vers\u00f6hnung an deutschen Grenzen \u2013 Zwei Erfolgsgeschichten\u201c Die deutsch-franz\u00f6sische Begegnungskapelle (Chapelle de la Rencontre) steht an der Grenze zwischen Kehl und Strasbourg (F). In drei blutigen Kriegen sind in diesem Gebiet unz\u00e4hlige Menschen gestorben. Die Mitarbeiter dort leisten auf vielf\u00e4ltigen Wegen Vers\u00f6hnungsarbeit \u2013 jeden Tag aufs Neue. Das ist auch die Mission des [&hellip;]<\/p>\n","protected":false},"author":8,"featured_media":5932,"menu_order":0,"template":"","mi-filters":[],"class_list":["post-3689","mi-dates-events","type-mi-dates-events","status-expired","has-post-thumbnail","hentry"],"acf":[],"_links":{"self":[{"href":"https:\/\/kulturkirche2025.de\/en\/wp-json\/wp\/v2\/mi-dates-events\/3689","targetHints":{"allow":["GET"]}}],"collection":[{"href":"https:\/\/kulturkirche2025.de\/en\/wp-json\/wp\/v2\/mi-dates-events"}],"about":[{"href":"https:\/\/kulturkirche2025.de\/en\/wp-json\/wp\/v2\/types\/mi-dates-events"}],"author":[{"embeddable":true,"href":"https:\/\/kulturkirche2025.de\/en\/wp-json\/wp\/v2\/users\/8"}],"wp:featuredmedia":[{"embeddable":true,"href":"https:\/\/kulturkirche2025.de\/en\/wp-json\/wp\/v2\/media\/5932"}],"wp:attachment":[{"href":"https:\/\/kulturkirche2025.de\/en\/wp-json\/wp\/v2\/media?parent=3689"}],"wp:term":[{"taxonomy":"mi-filters","embeddable":true,"href":"https:\/\/kulturkirche2025.de\/en\/wp-json\/wp\/v2\/mi-filters?post=3689"}],"curies":[{"name":"wp","href":"https:\/\/api.w.org\/{rel}","templated":true}]}}

Forum diaspora: Versöhnungsgeschichten an deutschen Grenzen

<p>„Begegnung und Versöhnung an deutschen Grenzen – Zwei Erfolgsgeschichten“</p>



<p>Die deutsch-französische Begegnungskapelle (Chapelle de la Rencontre) steht an der Grenze zwischen Kehl und Strasbourg (F). In drei blutigen Kriegen sind in diesem Gebiet unzählige Menschen gestorben. Die Mitarbeiter dort leisten auf vielfältigen Wegen Versöhnungsarbeit – jeden Tag aufs Neue. Das ist auch die Mission des neuen Pfarrers Richard Vlasák in Rumburk (Tschechien). Vlasák gestaltet die grenzüberschreitende Arbeit mit der Partnergemeinde in Jonsdorf. Nach der Vertreibung der Deutschen wurden im Grenzgebiet Roma angesiedelt, die sich lange Zeit nicht angenommen fühlten. Im Forum berichten uns Gäste ihrer spannenden Arbeit.</p>

<p>„Begegnung und Versöhnung an deutschen Grenzen – Zwei Erfolgsgeschichten“ Die deutsch-französische Begegnungskapelle (Chapelle de la Rencontre) steht an der Grenze zwischen Kehl und Strasbourg (F). In drei blutigen Kriegen sind in diesem Gebiet unzählige Menschen gestorben. Die Mitarbeiter dort leisten auf vielfältigen Wegen Versöhnungsarbeit – jeden Tag aufs Neue. Das ist auch die Mission des [&hellip;]</p>
