{"id":3698,"date":"2024-09-26T15:17:59","date_gmt":"2024-09-26T13:17:59","guid":{"rendered":"https:\/\/kulturkirche2025.de\/?post_type=mi-dates-events&#038;p=3698"},"modified":"2026-05-01T18:36:09","modified_gmt":"2026-05-01T16:36:09","slug":"wo-bist-du","status":"expired","type":"mi-dates-events","link":"https:\/\/kulturkirche2025.de\/en\/veranstaltungen\/wo-bist-du\/","title":{"rendered":"\u201eWo bist du Mensch?\u201c: Tage der spirituellen Orte"},"content":{"rendered":"\n<p><strong>Christen, Juden und Muslime zeigen sich als Teil der Stadtgesellschaft<\/strong><\/p>\n\n\n\n<p>\u201eMensch, wo bist Du &#8211; Wo bist du Mensch\u201c \u2013 Unter diesem Motto \u00f6ffnen verschiedene Religionsgemeinschaften in Chemnitz im Mai 2025 ihre T\u00fcren und laden zu Tagen der spirituellen Orte ein.<br>Es ist zugleich ein Suchen und ein Zeigen: Christen, Juden und Muslime zeigen sich als Teil der Stadtgesellschaft und suchen Kontakt zu Menschen, die sie bisher so noch nicht kennen. Gemeinsam gehen wir auf spirituelle Entdeckungsreise.<\/p>\n\n\n\n<p>Er\u00f6ffnung am 15.05.2025, 19 Uhr: Kulturkaufhaus DAS TIETZ<\/p>\n\n\n\n<p><strong>Veranstaltungen vom 20.-24.05. im Chemnitzer Stadtgebiet<\/strong> (Auswahl):<\/p>\n\n\n\n<ul class=\"wp-block-list\">\n<li><strong>19.5.-22.5. 2025: Gemeinsam Befl\u00fcgeln &#8211; Spread our Wings Together<br>Markuskirche Chemnitz<\/strong><br>Vier Tage lang wird die Chemnitzer St. Markuskirche auf dem Sonnenberg zur Kunsthalle f\u00fcr gemeinschaftliches Schaffen. Eine circa 3m gro\u00dfe Engelsskulptur aus Holz bildet das Zentrum des Projekts. Sie nimmt die traditionelle Symbolsprache der Region vom Engel auf. Die Fl\u00fcgel sind zun\u00e4chst nur als Holzskelett sichtbar. An Schn\u00fcren werden im Verlauf des Projekts Bilder der Teilnehmer aufgehangen. Der Engel erh\u00e4lt so in Gemeinschaftsarbeit St\u00fcck f\u00fcr St\u00fcck seine Fl\u00fcgel zur\u00fcck. Jeder ist eingeladen unter Ermutigung durch K\u00fcnstler Ivo Zibulla etwas zum Gesamtwerk beizutragen. Arbeitsbereiche mit Mal- und Zeichenutensilien sind vor Ort. Als Motive k\u00f6nnen eine Feder oder Kerze ausgew\u00e4hlt werden.<br><\/li>\n\n\n\n<li><strong>14.05.\u00a0&#8211; 30.05.: Ausstellung &#8220;Cell of conciliation&#8221;<br>Jugendkirche St. Johannis Chemnitz\u00a0<\/strong><br>Eine Kunstinstallation von Julia Buch und Hanna L\u00f6ffler. K\u00fcnstlerische Elemente richten den Blick auf verschiedene Aspekte der Vers\u00f6hnung. Streit, aber auch Vers\u00f6hnung k\u00f6nnen von der kleinsten Zelle ausgehen. Ob in Bezug zu einem selbst, zu anderen Menschen oder zu Gott. Beides beginnt in einem kleinen Augenblick und w\u00e4chst zu etwas Gr\u00f6\u00dferem an. Die Kunstinstallation und die poetischen Texte laden zu einer konstruktiven Auseinandersetzung mit dem Prozess der Vers\u00f6hnung ein.<br><\/li>\n\n\n\n<li><strong>23.05.2025, 19.00 &#8211; 21.00 Uhr: Europ\u00e4ische Bergrede mit Pater Maurus<\/strong><br><strong>Schlosskirche Chemnitz<br><\/strong>&#8220;Wer immer du bist &#8230; dein Leben wird gelingen&#8221; (aus der Benediktsregel) \u2013\u00a0Was benediktinische Spiritualit\u00e4t heute f\u00fcr Europa bedeuten k\u00f6nnte.<br><\/li>\n\n\n\n<li><strong>23.05.2025, 20.30 Uhr: Taiz\u00e9-Gebet<\/strong><br><strong>St. Jakobikirche Chemnitz<br><\/strong>Inmitten der Hektik des Alltags sehnen wir uns oft nach Momenten der Ruhe, Besinnung und inneren Einkehr. Das Taiz\u00e9-Gebet bietet einen solchen Raum \u2013 einen Ort, an dem wir gemeinsam in meditativer Atmosph\u00e4re beten, singen und still werden k\u00f6nnen. Es ist gepr\u00e4gt von schlichten, sich wiederholenden Ges\u00e4ngen, die unser Herz \u00f6ffnen und uns in eine tiefe Verbindung mit Gott f\u00fchren. In der Stille und im Licht der Kerzen k\u00f6nnen wir zur Ruhe kommen, unsere Gedanken ordnen und neue Kraft sch\u00f6pfen.<br><\/li>\n\n\n\n<li><strong>23.05. 16 -18 Uhr<\/strong> sowie <strong>24.05. 15-18 Uhr: Musikalische Postkarten mit Crescendo\u00a0\u00a0\u00a0\u00a0\u00a0\u00a0\u00a0<\/strong><br><strong>vor der Jakobikirche Chemnitz<\/strong><br>Crescendo, ein Netzwerk von Musikern in Klassik und Jazz, l\u00e4dt ein zu \u201eMusikalischen Postkarten\u201c: spontan improvisierte kurze Musikst\u00fccke (jeweils ca. 5-10 min) &#8211; ganz pers\u00f6nlich f\u00fcr einen Menschen gespielt &#8211; entweder f\u00fcr die Anwesenden direkt oder f\u00fcr jemand anderen (Freunde, Familie, Kollege). Dann k\u00f6nnen die St\u00fccke mit dem Handy aufgenommen und an die gew\u00fcnschte Person verschickt werden. <\/li>\n<\/ul>\n\n\n\n<p>Weitere Infos zum Programm und mehr Veranstaltungen unter <a href=\"https:\/\/evangelisches-forum.org\/\">evangelisches-forum.org<\/a> und <a href=\"http:\/\/www.wobistdumensch.de\">wobistdumensch.de<\/a><\/p>\n\n\n\n<div class=\"wp-block-buttons is-layout-flex wp-block-buttons-is-layout-flex\">\n<div class=\"wp-block-button\"><a class=\"wp-block-button__link wp-element-button\" href=\"http:\/\/www.wobistdumensch.de\">Zur Website von &#8220;Wo bist du Mensch?&#8221;<\/a><\/div>\n<\/div>\n","protected":false},"excerpt":{"rendered":"<p>Christen, Juden und Muslime zeigen sich als Teil der Stadtgesellschaft \u201eMensch, wo bist Du &#8211; Wo bist du Mensch\u201c \u2013 Unter diesem Motto \u00f6ffnen verschiedene Religionsgemeinschaften in Chemnitz im Mai 2025 ihre T\u00fcren und laden zu Tagen der spirituellen Orte ein.Es ist zugleich ein Suchen und ein Zeigen: Christen, Juden und Muslime zeigen sich als [&hellip;]<\/p>\n","protected":false},"author":8,"featured_media":6244,"menu_order":0,"template":"","mi-filters":[],"class_list":["post-3698","mi-dates-events","type-mi-dates-events","status-expired","has-post-thumbnail","hentry"],"acf":[],"_links":{"self":[{"href":"https:\/\/kulturkirche2025.de\/en\/wp-json\/wp\/v2\/mi-dates-events\/3698","targetHints":{"allow":["GET"]}}],"collection":[{"href":"https:\/\/kulturkirche2025.de\/en\/wp-json\/wp\/v2\/mi-dates-events"}],"about":[{"href":"https:\/\/kulturkirche2025.de\/en\/wp-json\/wp\/v2\/types\/mi-dates-events"}],"author":[{"embeddable":true,"href":"https:\/\/kulturkirche2025.de\/en\/wp-json\/wp\/v2\/users\/8"}],"wp:featuredmedia":[{"embeddable":true,"href":"https:\/\/kulturkirche2025.de\/en\/wp-json\/wp\/v2\/media\/6244"}],"wp:attachment":[{"href":"https:\/\/kulturkirche2025.de\/en\/wp-json\/wp\/v2\/media?parent=3698"}],"wp:term":[{"taxonomy":"mi-filters","embeddable":true,"href":"https:\/\/kulturkirche2025.de\/en\/wp-json\/wp\/v2\/mi-filters?post=3698"}],"curies":[{"name":"wp","href":"https:\/\/api.w.org\/{rel}","templated":true}]}}

<p><strong>Christen, Juden und Muslime zeigen sich als Teil der Stadtgesellschaft</strong></p>



<p>„Mensch, wo bist Du &#8211; Wo bist du Mensch“ – Unter diesem Motto öffnen verschiedene Religionsgemeinschaften in Chemnitz im Mai 2025 ihre Türen und laden zu Tagen der spirituellen Orte ein.<br>Es ist zugleich ein Suchen und ein Zeigen: Christen, Juden und Muslime zeigen sich als Teil der Stadtgesellschaft und suchen Kontakt zu Menschen, die sie bisher so noch nicht kennen. Gemeinsam gehen wir auf spirituelle Entdeckungsreise.</p>



<p>Eröffnung am 15.05.2025, 19 Uhr: Kulturkaufhaus DAS TIETZ</p>



<p><strong>Veranstaltungen vom 20.-24.05. im Chemnitzer Stadtgebiet</strong> (Auswahl):</p>



<ul class="wp-block-list">
<li><strong>19.5.-22.5. 2025: Gemeinsam Beflügeln &#8211; Spread our Wings Together<br>Markuskirche Chemnitz</strong><br>Vier Tage lang wird die Chemnitzer St. Markuskirche auf dem Sonnenberg zur Kunsthalle für gemeinschaftliches Schaffen. Eine circa 3m große Engelsskulptur aus Holz bildet das Zentrum des Projekts. Sie nimmt die traditionelle Symbolsprache der Region vom Engel auf. Die Flügel sind zunächst nur als Holzskelett sichtbar. An Schnüren werden im Verlauf des Projekts Bilder der Teilnehmer aufgehangen. Der Engel erhält so in Gemeinschaftsarbeit Stück für Stück seine Flügel zurück. Jeder ist eingeladen unter Ermutigung durch Künstler Ivo Zibulla etwas zum Gesamtwerk beizutragen. Arbeitsbereiche mit Mal- und Zeichenutensilien sind vor Ort. Als Motive können eine Feder oder Kerze ausgewählt werden.<br></li>



<li><strong>14.05. &#8211; 30.05.: Ausstellung &#8220;Cell of conciliation&#8221;<br>Jugendkirche St. Johannis Chemnitz </strong><br>Eine Kunstinstallation von Julia Buch und Hanna Löffler. Künstlerische Elemente richten den Blick auf verschiedene Aspekte der Versöhnung. Streit, aber auch Versöhnung können von der kleinsten Zelle ausgehen. Ob in Bezug zu einem selbst, zu anderen Menschen oder zu Gott. Beides beginnt in einem kleinen Augenblick und wächst zu etwas Größerem an. Die Kunstinstallation und die poetischen Texte laden zu einer konstruktiven Auseinandersetzung mit dem Prozess der Versöhnung ein.<br></li>



<li><strong>23.05.2025, 19.00 &#8211; 21.00 Uhr: Europäische Bergrede mit Pater Maurus</strong><br><strong>Schlosskirche Chemnitz<br></strong>&#8220;Wer immer du bist &#8230; dein Leben wird gelingen&#8221; (aus der Benediktsregel) – Was benediktinische Spiritualität heute für Europa bedeuten könnte.<br></li>



<li><strong>23.05.2025, 20.30 Uhr: Taizé-Gebet</strong><br><strong>St. Jakobikirche Chemnitz<br></strong>Inmitten der Hektik des Alltags sehnen wir uns oft nach Momenten der Ruhe, Besinnung und inneren Einkehr. Das Taizé-Gebet bietet einen solchen Raum – einen Ort, an dem wir gemeinsam in meditativer Atmosphäre beten, singen und still werden können. Es ist geprägt von schlichten, sich wiederholenden Gesängen, die unser Herz öffnen und uns in eine tiefe Verbindung mit Gott führen. In der Stille und im Licht der Kerzen können wir zur Ruhe kommen, unsere Gedanken ordnen und neue Kraft schöpfen.<br></li>



<li><strong>23.05. 16 -18 Uhr</strong> sowie <strong>24.05. 15-18 Uhr: Musikalische Postkarten mit Crescendo       </strong><br><strong>vor der Jakobikirche Chemnitz</strong><br>Crescendo, ein Netzwerk von Musikern in Klassik und Jazz, lädt ein zu „Musikalischen Postkarten“: spontan improvisierte kurze Musikstücke (jeweils ca. 5-10 min) &#8211; ganz persönlich für einen Menschen gespielt &#8211; entweder für die Anwesenden direkt oder für jemand anderen (Freunde, Familie, Kollege). Dann können die Stücke mit dem Handy aufgenommen und an die gewünschte Person verschickt werden. </li>
</ul>



<p>Weitere Infos zum Programm und mehr Veranstaltungen unter <a href="https://evangelisches-forum.org/">evangelisches-forum.org</a> und <a href="http://www.wobistdumensch.de">wobistdumensch.de</a></p>



<div class="wp-block-buttons is-layout-flex wp-block-buttons-is-layout-flex">
<div class="wp-block-button"><a class="wp-block-button__link wp-element-button" href="http://www.wobistdumensch.de">Zur Website von &#8220;Wo bist du Mensch?&#8221;</a></div>
</div>

<p>Christen, Juden und Muslime zeigen sich als Teil der Stadtgesellschaft „Mensch, wo bist Du &#8211; Wo bist du Mensch“ – Unter diesem Motto öffnen verschiedene Religionsgemeinschaften in Chemnitz im Mai 2025 ihre Türen und laden zu Tagen der spirituellen Orte ein.Es ist zugleich ein Suchen und ein Zeigen: Christen, Juden und Muslime zeigen sich als [&hellip;]</p>
