{"id":3780,"date":"2024-10-10T13:25:20","date_gmt":"2024-10-10T11:25:20","guid":{"rendered":"https:\/\/kulturkirche2025.de\/?post_type=mi-dates-events&#038;p=3780"},"modified":"2026-04-29T18:35:05","modified_gmt":"2026-04-29T16:35:05","slug":"klangentdecker-familienkonzert","status":"expired","type":"mi-dates-events","link":"https:\/\/kulturkirche2025.de\/en\/veranstaltungen\/klangentdecker-familienkonzert\/","title":{"rendered":"Die Klangentdecker &#8211; Familienkonzert MiT La Petite \u00c9curie"},"content":{"rendered":"\n<p>Pantomimisches Familienkonzert f\u00fcr Kinder ab 5 Jahren mit 4 Oboisten und einem Schlagzeuger aus verschiedenen L\u00e4ndern Europas. <br><br>Dauer: 50 Minuten<\/p>\n\n\n\n<div class=\"wp-block-buttons is-layout-flex wp-block-buttons-is-layout-flex\">\n<div class=\"wp-block-button\"><a class=\"wp-block-button__link wp-element-button\" href=\"https:\/\/mozart.vbotickets.com\/event\/Klangentdecker\/145308\">Tickets<\/a><\/div>\n<\/div>\n\n\n\n<p>Eintrittspreise (inkl. Systemgeb\u00fchren)<\/p>\n\n\n\n<p>Kind 5,60 \u20ac<br>Erw. 11,19 \u20ac<br>Familien (2 Erw., max. bis 4 Kinder) 21,19 \u20ac<\/p>\n\n\n\n<p>Das Format hatte im Fr\u00fchjahr 2024 Premiere bei&nbsp;den Internationalen Barocktagen Melk, im Januar 2025 wird es beim Valletta Baroque Festival (Malta) aufgef\u00fchrt.<\/p>\n\n\n\n<figure class=\"wp-block-gallery has-nested-images columns-default is-cropped wp-block-gallery-1 is-layout-flex wp-block-gallery-is-layout-flex\">\n<figure class=\"wp-block-image size-large\"><img loading=\"lazy\" decoding=\"async\" width=\"632\" height=\"886\" data-id=\"7270\" src=\"https:\/\/kulturkirche2025.de\/wp-content\/uploads\/2024\/10\/europakonzert1-hinten-1.jpg\" alt=\"\" class=\"wp-image-7270\" srcset=\"https:\/\/kulturkirche2025.de\/wp-content\/uploads\/2024\/10\/europakonzert1-hinten-1.jpg 632w, https:\/\/kulturkirche2025.de\/wp-content\/uploads\/2024\/10\/europakonzert1-hinten-1-428x600.jpg 428w\" sizes=\"auto, (max-width: 632px) 100vw, 632px\" \/><\/figure>\n\n\n\n<figure class=\"wp-block-image size-large\"><img loading=\"lazy\" decoding=\"async\" width=\"958\" height=\"1200\" data-id=\"3782\" src=\"https:\/\/kulturkirche2025.de\/wp-content\/uploads\/2024\/10\/1000187983-958x1200.jpg\" alt=\"\" class=\"wp-image-3782\" srcset=\"https:\/\/kulturkirche2025.de\/wp-content\/uploads\/2024\/10\/1000187983-958x1200.jpg 958w, https:\/\/kulturkirche2025.de\/wp-content\/uploads\/2024\/10\/1000187983-479x600.jpg 479w, https:\/\/kulturkirche2025.de\/wp-content\/uploads\/2024\/10\/1000187983-768x962.jpg 768w, https:\/\/kulturkirche2025.de\/wp-content\/uploads\/2024\/10\/1000187983.jpg 1079w\" sizes=\"auto, (max-width: 958px) 100vw, 958px\" \/><\/figure>\n<\/figure>\n","protected":false},"excerpt":{"rendered":"<p>Pantomimisches Familienkonzert f\u00fcr Kinder ab 5 Jahren mit 4 Oboisten und einem Schlagzeuger aus verschiedenen L\u00e4ndern Europas. Dauer: 50 Minuten Eintrittspreise (inkl. Systemgeb\u00fchren) Kind 5,60 \u20acErw. 11,19 \u20acFamilien (2 Erw., max. bis 4 Kinder) 21,19 \u20ac Das Format hatte im Fr\u00fchjahr 2024 Premiere bei&nbsp;den Internationalen Barocktagen Melk, im Januar 2025 wird es beim Valletta Baroque [&hellip;]<\/p>\n","protected":false},"author":5,"featured_media":3999,"menu_order":0,"template":"","mi-filters":[],"class_list":["post-3780","mi-dates-events","type-mi-dates-events","status-expired","has-post-thumbnail","hentry"],"acf":[],"_links":{"self":[{"href":"https:\/\/kulturkirche2025.de\/en\/wp-json\/wp\/v2\/mi-dates-events\/3780","targetHints":{"allow":["GET"]}}],"collection":[{"href":"https:\/\/kulturkirche2025.de\/en\/wp-json\/wp\/v2\/mi-dates-events"}],"about":[{"href":"https:\/\/kulturkirche2025.de\/en\/wp-json\/wp\/v2\/types\/mi-dates-events"}],"author":[{"embeddable":true,"href":"https:\/\/kulturkirche2025.de\/en\/wp-json\/wp\/v2\/users\/5"}],"wp:featuredmedia":[{"embeddable":true,"href":"https:\/\/kulturkirche2025.de\/en\/wp-json\/wp\/v2\/media\/3999"}],"wp:attachment":[{"href":"https:\/\/kulturkirche2025.de\/en\/wp-json\/wp\/v2\/media?parent=3780"}],"wp:term":[{"taxonomy":"mi-filters","embeddable":true,"href":"https:\/\/kulturkirche2025.de\/en\/wp-json\/wp\/v2\/mi-filters?post=3780"}],"curies":[{"name":"wp","href":"https:\/\/api.w.org\/{rel}","templated":true}]}}

Die Klangentdecker &#8211; Familienkonzert MiT La Petite Écurie

<p>Pantomimisches Familienkonzert für Kinder ab 5 Jahren mit 4 Oboisten und einem Schlagzeuger aus verschiedenen Ländern Europas. <br><br>Dauer: 50 Minuten</p>



<div class="wp-block-buttons is-layout-flex wp-block-buttons-is-layout-flex">
<div class="wp-block-button"><a class="wp-block-button__link wp-element-button" href="https://mozart.vbotickets.com/event/Klangentdecker/145308">Tickets</a></div>
</div>



<p>Eintrittspreise (inkl. Systemgebühren)</p>



<p>Kind 5,60 €<br>Erw. 11,19 €<br>Familien (2 Erw., max. bis 4 Kinder) 21,19 €</p>



<p>Das Format hatte im Frühjahr 2024 Premiere bei&nbsp;den Internationalen Barocktagen Melk, im Januar 2025 wird es beim Valletta Baroque Festival (Malta) aufgeführt.</p>



<figure class="wp-block-gallery has-nested-images columns-default is-cropped wp-block-gallery-1 is-layout-flex wp-block-gallery-is-layout-flex">
<figure class="wp-block-image size-large"><img loading="lazy" decoding="async" width="632" height="886" data-id="7270" src="https://kulturkirche2025.de/wp-content/uploads/2024/10/europakonzert1-hinten-1.jpg" alt="" class="wp-image-7270" srcset="https://kulturkirche2025.de/wp-content/uploads/2024/10/europakonzert1-hinten-1.jpg 632w, https://kulturkirche2025.de/wp-content/uploads/2024/10/europakonzert1-hinten-1-428x600.jpg 428w" sizes="auto, (max-width: 632px) 100vw, 632px" /></figure>



<figure class="wp-block-image size-large"><img loading="lazy" decoding="async" width="958" height="1200" data-id="3782" src="https://kulturkirche2025.de/wp-content/uploads/2024/10/1000187983-958x1200.jpg" alt="" class="wp-image-3782" srcset="https://kulturkirche2025.de/wp-content/uploads/2024/10/1000187983-958x1200.jpg 958w, https://kulturkirche2025.de/wp-content/uploads/2024/10/1000187983-479x600.jpg 479w, https://kulturkirche2025.de/wp-content/uploads/2024/10/1000187983-768x962.jpg 768w, https://kulturkirche2025.de/wp-content/uploads/2024/10/1000187983.jpg 1079w" sizes="auto, (max-width: 958px) 100vw, 958px" /></figure>
</figure>

<p>Pantomimisches Familienkonzert für Kinder ab 5 Jahren mit 4 Oboisten und einem Schlagzeuger aus verschiedenen Ländern Europas. Dauer: 50 Minuten Eintrittspreise (inkl. Systemgebühren) Kind 5,60 €Erw. 11,19 €Familien (2 Erw., max. bis 4 Kinder) 21,19 € Das Format hatte im Frühjahr 2024 Premiere bei&nbsp;den Internationalen Barocktagen Melk, im Januar 2025 wird es beim Valletta Baroque [&hellip;]</p>
