{"id":4324,"date":"2024-11-26T13:46:08","date_gmt":"2024-11-26T12:46:08","guid":{"rendered":"https:\/\/kulturkirche2025.de\/?post_type=mi-dates-events&#038;p=4324"},"modified":"2026-04-29T18:35:04","modified_gmt":"2026-04-29T16:35:04","slug":"interventionen-zur-passion-2025-jessica-buhlmann","status":"expired","type":"mi-dates-events","link":"https:\/\/kulturkirche2025.de\/en\/veranstaltungen\/interventionen-zur-passion-2025-jessica-buhlmann\/","title":{"rendered":"Interventionen zur Passion 2025: Jessica Buhlmann (Langenstriegis)"},"content":{"rendered":"\n<p>Die \u201eInterventionen zur Passion\u201c werden auch 2025 wieder den Blick auf die Alt\u00e4re ausgew\u00e4hlter Kirchen verh\u00fcllen, um eine neue Besinnung auf Jesu Weg am Kreuz und ver\u00e4nderte Perspektiven auf die Kirchengeb\u00e4ude zu bieten.<\/p>\n\n\n\n<p>Vernissage: 05.03.2025, 18.00 Uhr<br>Dorfkirche Langenstriegis (An der Kleinen Striegis 49, 09669 Frankenberg\/Sa. OT Langenstriegis)<\/p>\n\n\n\n<p>Jessica Buhlmann wurde 1977 in Potsdam geboren. Sie studierte u.a. als Meistersch\u00fclerin bei Klaus Fu\u00dfmann und Henning K\u00fcrschner an der Universit\u00e4t der K\u00fcnste in Berlin; heute lebt und arbeitet sie in Berlin. \u00dcber ihre Arbeit f\u00fcr die Evangelische Kirche in Langenstriegis schreibt sie:<\/p>\n\n\n\n<p>Die textile Skulptur f\u00e4llt wie ein Vorhang aus bewegten Linien und Fl\u00e4chen vor dem Altar<br>herab. Die entstehende Struktur in den liturgischen Farben Wei\u00df und Violett, verwoben mit den Farben des Karfreitags Rot und Schwarz, erinnert an ein Kirchenfenster. Der Altar ist von der Arbeit nicht v\u00f6llig bedeckt, offene Areale zwischen den Fl\u00e4chen lassen diesen teilweise hervor- scheinen &#8211; ein Ausblick und Hoffnung auf das Kommende.<\/p>\n\n\n\n<p>Besichtigungen nach vorheriger telefonischer Absprache t\u00e4glich zwischen 10 und 18 Uhr. Eine kurzfristige und unkomplizierte \u00d6ffnung ist in der Regel m\u00f6glich \u2013 Kontakt 01520 \/ 5890664<\/p>\n\n\n\n<div class=\"wp-block-buttons is-layout-flex wp-block-buttons-is-layout-flex\">\n<div class=\"wp-block-button\"><a class=\"wp-block-button__link wp-element-button\" href=\"https:\/\/kulturkirche2025.de\/veranstaltungen\/interventionen-zur-passion\/\">Mehr Informationen und weitere &#8220;Interventionen&#8221;<\/a><\/div>\n<\/div>\n\n\n\n<div class=\"wp-block-media-text has-media-on-the-right is-stacked-on-mobile\" style=\"grid-template-columns:auto 18%\"><div class=\"wp-block-media-text__content\">\n<p class=\"has-text-align-right\">gef\u00f6rdert vom Verein Ausstellungshaus f\u00fcr christliche&nbsp; Kunst e. V. M\u00fcnchen<\/p>\n<\/div><figure class=\"wp-block-media-text__media\"><img loading=\"lazy\" decoding=\"async\" width=\"269\" height=\"125\" src=\"https:\/\/kulturkirche2025.de\/wp-content\/uploads\/2024\/11\/vah-logo-e1737376179915.jpg\" alt=\"\" class=\"wp-image-5303 size-full\" \/><\/figure><\/div>\n\n\n\n<div class=\"wp-block-media-text has-media-on-the-right is-stacked-on-mobile\" style=\"grid-template-columns:auto 17%\"><div class=\"wp-block-media-text__content\">\n<p>Ein Projekt im Rahmen der Kulturhauptstadt Europas Chemnitz 2025. Diese Ma\u00dfnahme wird mitfinanziert durch Steuermittel auf der Grundlage des vom S\u00e4chsischen Landtag beschlossenen Haushaltes und durch Bundesmittel der Beauftragten der Bundesregierung f\u00fcr Kultur und Medien.&#8221;<\/p>\n<\/div><figure class=\"wp-block-media-text__media\"><img loading=\"lazy\" decoding=\"async\" width=\"200\" height=\"300\" src=\"https:\/\/kulturkirche2025.de\/wp-content\/uploads\/2024\/11\/signet-schwarz.gif\" alt=\"\" class=\"wp-image-5737 size-full\" \/><\/figure><\/div>\n\n\n\n<div class=\"wp-block-group is-content-justification-space-between is-layout-flex wp-container-core-group-is-layout-6c03c991 wp-block-group-is-layout-flex\" style=\"padding-top:0;padding-bottom:0\">\n<figure class=\"wp-block-image size-large is-resized\"><a href=\"https:\/\/chemnitz2025.de\/purplepath\/\" target=\"_blank\" rel=\"noreferrer noopener\"><img loading=\"lazy\" decoding=\"async\" width=\"326\" height=\"69\" src=\"https:\/\/kulturkirche2025.de\/wp-content\/uploads\/2023\/06\/logo-purple-path-1.svg\" alt=\"\" class=\"wp-image-1177\" style=\"aspect-ratio:2.343137254901961;width:209px;height:auto\" \/><\/a><\/figure>\n\n\n\n<figure class=\"wp-block-image size-full is-resized\"><a href=\"https:\/\/kirchenbezirk-chemnitz.de\/\" target=\"_blank\" rel=\"noreferrer noopener\"><img loading=\"lazy\" decoding=\"async\" width=\"1000\" height=\"290\" src=\"https:\/\/kulturkirche2025.de\/wp-content\/uploads\/2023\/06\/kbz-chz-logo.webp\" alt=\"Logo Evangelisch-Lutherischer Kirchenbezirk Chemnitz\" class=\"wp-image-1186\" style=\"width:228px;height:auto\" srcset=\"https:\/\/kulturkirche2025.de\/wp-content\/uploads\/2023\/06\/kbz-chz-logo.webp 1000w, https:\/\/kulturkirche2025.de\/wp-content\/uploads\/2023\/06\/kbz-chz-logo-600x174.webp 600w, https:\/\/kulturkirche2025.de\/wp-content\/uploads\/2023\/06\/kbz-chz-logo-768x223.webp 768w\" sizes=\"auto, (max-width: 1000px) 100vw, 1000px\" \/><\/a><\/figure>\n\n\n\n<figure class=\"wp-block-image size-full is-resized\"><a href=\"https:\/\/www.bonifatiuswerk.de\/de\/\" target=\"_blank\" rel=\" noreferrer noopener\"><img loading=\"lazy\" decoding=\"async\" width=\"975\" height=\"396\" src=\"https:\/\/kulturkirche2025.de\/wp-content\/uploads\/2024\/03\/bonifatiuswerk-markenzeichen-rgb.jpg\" alt=\"\" class=\"wp-image-2656\" style=\"width:170px;height:auto\" srcset=\"https:\/\/kulturkirche2025.de\/wp-content\/uploads\/2024\/03\/bonifatiuswerk-markenzeichen-rgb.jpg 975w, https:\/\/kulturkirche2025.de\/wp-content\/uploads\/2024\/03\/bonifatiuswerk-markenzeichen-rgb-600x244.jpg 600w, https:\/\/kulturkirche2025.de\/wp-content\/uploads\/2024\/03\/bonifatiuswerk-markenzeichen-rgb-768x312.jpg 768w\" sizes=\"auto, (max-width: 975px) 100vw, 975px\" \/><\/a><\/figure>\n\n\n\n<figure class=\"wp-block-image size-full is-resized\"><a href=\"https:\/\/www.bistum-dresden-meissen.de\/\" target=\"_blank\" rel=\"noreferrer noopener\"><img loading=\"lazy\" decoding=\"async\" width=\"999\" height=\"480\" src=\"https:\/\/kulturkirche2025.de\/wp-content\/uploads\/2023\/06\/bistum-ddm-logo-partner-2018-c100-m80.jpg\" alt=\"\" class=\"wp-image-1171\" style=\"aspect-ratio:2.3134328358208953;width:139px;height:auto\" srcset=\"https:\/\/kulturkirche2025.de\/wp-content\/uploads\/2023\/06\/bistum-ddm-logo-partner-2018-c100-m80.jpg 999w, https:\/\/kulturkirche2025.de\/wp-content\/uploads\/2023\/06\/bistum-ddm-logo-partner-2018-c100-m80-600x288.jpg 600w, https:\/\/kulturkirche2025.de\/wp-content\/uploads\/2023\/06\/bistum-ddm-logo-partner-2018-c100-m80-768x369.jpg 768w\" sizes=\"auto, (max-width: 999px) 100vw, 999px\" \/><\/a><\/figure>\n\n\n\n<figure class=\"wp-block-image size-full is-resized\"><img loading=\"lazy\" decoding=\"async\" width=\"800\" height=\"534\" src=\"https:\/\/kulturkirche2025.de\/wp-content\/uploads\/2024\/11\/flag-of-europesvg.png\" alt=\"\" class=\"wp-image-5750\" style=\"width:158px;height:auto\" srcset=\"https:\/\/kulturkirche2025.de\/wp-content\/uploads\/2024\/11\/flag-of-europesvg.png 800w, https:\/\/kulturkirche2025.de\/wp-content\/uploads\/2024\/11\/flag-of-europesvg-600x401.png 600w, https:\/\/kulturkirche2025.de\/wp-content\/uploads\/2024\/11\/flag-of-europesvg-768x513.png 768w\" sizes=\"auto, (max-width: 800px) 100vw, 800px\" \/><\/figure>\n\n\n\n<figure class=\"wp-block-image size-large is-resized\"><a href=\"https:\/\/chemnitz2025.de\/\" target=\"_blank\" rel=\" noreferrer noopener\"><img loading=\"lazy\" decoding=\"async\" width=\"1200\" height=\"153\" src=\"https:\/\/kulturkirche2025.de\/wp-content\/uploads\/2024\/04\/programmpartner-multicolor-landscape-1-1200x153.png\" alt=\"\" class=\"wp-image-2822\" style=\"width:376px;height:auto\" srcset=\"https:\/\/kulturkirche2025.de\/wp-content\/uploads\/2024\/04\/programmpartner-multicolor-landscape-1-1200x153.png 1200w, https:\/\/kulturkirche2025.de\/wp-content\/uploads\/2024\/04\/programmpartner-multicolor-landscape-1-600x76.png 600w, https:\/\/kulturkirche2025.de\/wp-content\/uploads\/2024\/04\/programmpartner-multicolor-landscape-1-768x98.png 768w, https:\/\/kulturkirche2025.de\/wp-content\/uploads\/2024\/04\/programmpartner-multicolor-landscape-1-1536x196.png 1536w, https:\/\/kulturkirche2025.de\/wp-content\/uploads\/2024\/04\/programmpartner-multicolor-landscape-1-2048x261.png 2048w\" sizes=\"auto, (max-width: 1200px) 100vw, 1200px\" \/><\/a><\/figure>\n\n\n\n<figure class=\"wp-block-image size-large is-resized\"><a href=\"https:\/\/www.so-geht-saechsisch.de\/\" target=\"_blank\" rel=\"noreferrer noopener\"><img loading=\"lazy\" decoding=\"async\" width=\"1200\" height=\"512\" src=\"https:\/\/kulturkirche2025.de\/wp-content\/uploads\/2023\/06\/sgs-logo-weiooaaeer-hintergrund-de-1200x512.png\" alt=\"\" class=\"wp-image-1168\" style=\"aspect-ratio:2.3461538461538463;width:204px;height:auto\" srcset=\"https:\/\/kulturkirche2025.de\/wp-content\/uploads\/2023\/06\/sgs-logo-weiooaaeer-hintergrund-de-1200x512.png 1200w, https:\/\/kulturkirche2025.de\/wp-content\/uploads\/2023\/06\/sgs-logo-weiooaaeer-hintergrund-de-600x256.png 600w, https:\/\/kulturkirche2025.de\/wp-content\/uploads\/2023\/06\/sgs-logo-weiooaaeer-hintergrund-de-768x328.png 768w, https:\/\/kulturkirche2025.de\/wp-content\/uploads\/2023\/06\/sgs-logo-weiooaaeer-hintergrund-de-1536x655.png 1536w, https:\/\/kulturkirche2025.de\/wp-content\/uploads\/2023\/06\/sgs-logo-weiooaaeer-hintergrund-de-2048x874.png 2048w\" sizes=\"auto, (max-width: 1200px) 100vw, 1200px\" \/><\/a><\/figure>\n\n\n\n<figure class=\"wp-block-image size-large is-resized\"><img loading=\"lazy\" decoding=\"async\" width=\"1200\" height=\"514\" src=\"https:\/\/kulturkirche2025.de\/wp-content\/uploads\/2024\/11\/beauftragte-der-bundesregierung-fur-kultur-und-medien-logosvg-1-1200x514.png\" alt=\"\" class=\"wp-image-5747\" style=\"width:264px;height:auto\" srcset=\"https:\/\/kulturkirche2025.de\/wp-content\/uploads\/2024\/11\/beauftragte-der-bundesregierung-fur-kultur-und-medien-logosvg-1-1200x514.png 1200w, https:\/\/kulturkirche2025.de\/wp-content\/uploads\/2024\/11\/beauftragte-der-bundesregierung-fur-kultur-und-medien-logosvg-1-600x257.png 600w, https:\/\/kulturkirche2025.de\/wp-content\/uploads\/2024\/11\/beauftragte-der-bundesregierung-fur-kultur-und-medien-logosvg-1-768x329.png 768w, https:\/\/kulturkirche2025.de\/wp-content\/uploads\/2024\/11\/beauftragte-der-bundesregierung-fur-kultur-und-medien-logosvg-1-1536x658.png 1536w, https:\/\/kulturkirche2025.de\/wp-content\/uploads\/2024\/11\/beauftragte-der-bundesregierung-fur-kultur-und-medien-logosvg-1.png 1920w\" sizes=\"auto, (max-width: 1200px) 100vw, 1200px\" \/><\/figure>\n<\/div>\n","protected":false},"excerpt":{"rendered":"<p>Die \u201eInterventionen zur Passion\u201c werden auch 2025 wieder den Blick auf die Alt\u00e4re ausgew\u00e4hlter Kirchen verh\u00fcllen, um eine neue Besinnung auf Jesu Weg am Kreuz und ver\u00e4nderte Perspektiven auf die Kirchengeb\u00e4ude zu bieten. Vernissage: 05.03.2025, 18.00 UhrDorfkirche Langenstriegis (An der Kleinen Striegis 49, 09669 Frankenberg\/Sa. OT Langenstriegis) Jessica Buhlmann wurde 1977 in Potsdam geboren. Sie [&hellip;]<\/p>\n","protected":false},"author":5,"featured_media":5806,"menu_order":0,"template":"","mi-filters":[],"class_list":["post-4324","mi-dates-events","type-mi-dates-events","status-expired","has-post-thumbnail","hentry"],"acf":[],"_links":{"self":[{"href":"https:\/\/kulturkirche2025.de\/en\/wp-json\/wp\/v2\/mi-dates-events\/4324","targetHints":{"allow":["GET"]}}],"collection":[{"href":"https:\/\/kulturkirche2025.de\/en\/wp-json\/wp\/v2\/mi-dates-events"}],"about":[{"href":"https:\/\/kulturkirche2025.de\/en\/wp-json\/wp\/v2\/types\/mi-dates-events"}],"author":[{"embeddable":true,"href":"https:\/\/kulturkirche2025.de\/en\/wp-json\/wp\/v2\/users\/5"}],"wp:featuredmedia":[{"embeddable":true,"href":"https:\/\/kulturkirche2025.de\/en\/wp-json\/wp\/v2\/media\/5806"}],"wp:attachment":[{"href":"https:\/\/kulturkirche2025.de\/en\/wp-json\/wp\/v2\/media?parent=4324"}],"wp:term":[{"taxonomy":"mi-filters","embeddable":true,"href":"https:\/\/kulturkirche2025.de\/en\/wp-json\/wp\/v2\/mi-filters?post=4324"}],"curies":[{"name":"wp","href":"https:\/\/api.w.org\/{rel}","templated":true}]}}

<p>Die „Interventionen zur Passion“ werden auch 2025 wieder den Blick auf die Altäre ausgewählter Kirchen verhüllen, um eine neue Besinnung auf Jesu Weg am Kreuz und veränderte Perspektiven auf die Kirchengebäude zu bieten.</p>



<p>Vernissage: 05.03.2025, 18.00 Uhr<br>Dorfkirche Langenstriegis (An der Kleinen Striegis 49, 09669 Frankenberg/Sa. OT Langenstriegis)</p>



<p>Jessica Buhlmann wurde 1977 in Potsdam geboren. Sie studierte u.a. als Meisterschülerin bei Klaus Fußmann und Henning Kürschner an der Universität der Künste in Berlin; heute lebt und arbeitet sie in Berlin. Über ihre Arbeit für die Evangelische Kirche in Langenstriegis schreibt sie:</p>



<p>Die textile Skulptur fällt wie ein Vorhang aus bewegten Linien und Flächen vor dem Altar<br>herab. Die entstehende Struktur in den liturgischen Farben Weiß und Violett, verwoben mit den Farben des Karfreitags Rot und Schwarz, erinnert an ein Kirchenfenster. Der Altar ist von der Arbeit nicht völlig bedeckt, offene Areale zwischen den Flächen lassen diesen teilweise hervor- scheinen &#8211; ein Ausblick und Hoffnung auf das Kommende.</p>



<p>Besichtigungen nach vorheriger telefonischer Absprache täglich zwischen 10 und 18 Uhr. Eine kurzfristige und unkomplizierte Öffnung ist in der Regel möglich – Kontakt 01520 / 5890664</p>



<div class="wp-block-buttons is-layout-flex wp-block-buttons-is-layout-flex">
<div class="wp-block-button"><a class="wp-block-button__link wp-element-button" href="https://kulturkirche2025.de/veranstaltungen/interventionen-zur-passion/">Mehr Informationen und weitere &#8220;Interventionen&#8221;</a></div>
</div>



<div class="wp-block-media-text has-media-on-the-right is-stacked-on-mobile" style="grid-template-columns:auto 18%"><div class="wp-block-media-text__content">
<p class="has-text-align-right">gefördert vom Verein Ausstellungshaus für christliche&nbsp; Kunst e. V. München</p>
</div><figure class="wp-block-media-text__media"><img loading="lazy" decoding="async" width="269" height="125" src="https://kulturkirche2025.de/wp-content/uploads/2024/11/vah-logo-e1737376179915.jpg" alt="" class="wp-image-5303 size-full" /></figure></div>



<div class="wp-block-media-text has-media-on-the-right is-stacked-on-mobile" style="grid-template-columns:auto 17%"><div class="wp-block-media-text__content">
<p>Ein Projekt im Rahmen der Kulturhauptstadt Europas Chemnitz 2025. Diese Maßnahme wird mitfinanziert durch Steuermittel auf der Grundlage des vom Sächsischen Landtag beschlossenen Haushaltes und durch Bundesmittel der Beauftragten der Bundesregierung für Kultur und Medien.&#8221;</p>
</div><figure class="wp-block-media-text__media"><img loading="lazy" decoding="async" width="200" height="300" src="https://kulturkirche2025.de/wp-content/uploads/2024/11/signet-schwarz.gif" alt="" class="wp-image-5737 size-full" /></figure></div>



<div class="wp-block-group is-content-justification-space-between is-layout-flex wp-container-core-group-is-layout-6c03c991 wp-block-group-is-layout-flex" style="padding-top:0;padding-bottom:0">
<figure class="wp-block-image size-large is-resized"><a href="https://chemnitz2025.de/purplepath/" target="_blank" rel="noreferrer noopener"><img loading="lazy" decoding="async" width="326" height="69" src="https://kulturkirche2025.de/wp-content/uploads/2023/06/logo-purple-path-1.svg" alt="" class="wp-image-1177" style="aspect-ratio:2.343137254901961;width:209px;height:auto" /></a></figure>



<figure class="wp-block-image size-full is-resized"><a href="https://kirchenbezirk-chemnitz.de/" target="_blank" rel="noreferrer noopener"><img loading="lazy" decoding="async" width="1000" height="290" src="https://kulturkirche2025.de/wp-content/uploads/2023/06/kbz-chz-logo.webp" alt="Logo Evangelisch-Lutherischer Kirchenbezirk Chemnitz" class="wp-image-1186" style="width:228px;height:auto" srcset="https://kulturkirche2025.de/wp-content/uploads/2023/06/kbz-chz-logo.webp 1000w, https://kulturkirche2025.de/wp-content/uploads/2023/06/kbz-chz-logo-600x174.webp 600w, https://kulturkirche2025.de/wp-content/uploads/2023/06/kbz-chz-logo-768x223.webp 768w" sizes="auto, (max-width: 1000px) 100vw, 1000px" /></a></figure>



<figure class="wp-block-image size-full is-resized"><a href="https://www.bonifatiuswerk.de/de/" target="_blank" rel=" noreferrer noopener"><img loading="lazy" decoding="async" width="975" height="396" src="https://kulturkirche2025.de/wp-content/uploads/2024/03/bonifatiuswerk-markenzeichen-rgb.jpg" alt="" class="wp-image-2656" style="width:170px;height:auto" srcset="https://kulturkirche2025.de/wp-content/uploads/2024/03/bonifatiuswerk-markenzeichen-rgb.jpg 975w, https://kulturkirche2025.de/wp-content/uploads/2024/03/bonifatiuswerk-markenzeichen-rgb-600x244.jpg 600w, https://kulturkirche2025.de/wp-content/uploads/2024/03/bonifatiuswerk-markenzeichen-rgb-768x312.jpg 768w" sizes="auto, (max-width: 975px) 100vw, 975px" /></a></figure>



<figure class="wp-block-image size-full is-resized"><a href="https://www.bistum-dresden-meissen.de/" target="_blank" rel="noreferrer noopener"><img loading="lazy" decoding="async" width="999" height="480" src="https://kulturkirche2025.de/wp-content/uploads/2023/06/bistum-ddm-logo-partner-2018-c100-m80.jpg" alt="" class="wp-image-1171" style="aspect-ratio:2.3134328358208953;width:139px;height:auto" srcset="https://kulturkirche2025.de/wp-content/uploads/2023/06/bistum-ddm-logo-partner-2018-c100-m80.jpg 999w, https://kulturkirche2025.de/wp-content/uploads/2023/06/bistum-ddm-logo-partner-2018-c100-m80-600x288.jpg 600w, https://kulturkirche2025.de/wp-content/uploads/2023/06/bistum-ddm-logo-partner-2018-c100-m80-768x369.jpg 768w" sizes="auto, (max-width: 999px) 100vw, 999px" /></a></figure>



<figure class="wp-block-image size-full is-resized"><img loading="lazy" decoding="async" width="800" height="534" src="https://kulturkirche2025.de/wp-content/uploads/2024/11/flag-of-europesvg.png" alt="" class="wp-image-5750" style="width:158px;height:auto" srcset="https://kulturkirche2025.de/wp-content/uploads/2024/11/flag-of-europesvg.png 800w, https://kulturkirche2025.de/wp-content/uploads/2024/11/flag-of-europesvg-600x401.png 600w, https://kulturkirche2025.de/wp-content/uploads/2024/11/flag-of-europesvg-768x513.png 768w" sizes="auto, (max-width: 800px) 100vw, 800px" /></figure>



<figure class="wp-block-image size-large is-resized"><a href="https://chemnitz2025.de/" target="_blank" rel=" noreferrer noopener"><img loading="lazy" decoding="async" width="1200" height="153" src="https://kulturkirche2025.de/wp-content/uploads/2024/04/programmpartner-multicolor-landscape-1-1200x153.png" alt="" class="wp-image-2822" style="width:376px;height:auto" srcset="https://kulturkirche2025.de/wp-content/uploads/2024/04/programmpartner-multicolor-landscape-1-1200x153.png 1200w, https://kulturkirche2025.de/wp-content/uploads/2024/04/programmpartner-multicolor-landscape-1-600x76.png 600w, https://kulturkirche2025.de/wp-content/uploads/2024/04/programmpartner-multicolor-landscape-1-768x98.png 768w, https://kulturkirche2025.de/wp-content/uploads/2024/04/programmpartner-multicolor-landscape-1-1536x196.png 1536w, https://kulturkirche2025.de/wp-content/uploads/2024/04/programmpartner-multicolor-landscape-1-2048x261.png 2048w" sizes="auto, (max-width: 1200px) 100vw, 1200px" /></a></figure>



<figure class="wp-block-image size-large is-resized"><a href="https://www.so-geht-saechsisch.de/" target="_blank" rel="noreferrer noopener"><img loading="lazy" decoding="async" width="1200" height="512" src="https://kulturkirche2025.de/wp-content/uploads/2023/06/sgs-logo-weiooaaeer-hintergrund-de-1200x512.png" alt="" class="wp-image-1168" style="aspect-ratio:2.3461538461538463;width:204px;height:auto" srcset="https://kulturkirche2025.de/wp-content/uploads/2023/06/sgs-logo-weiooaaeer-hintergrund-de-1200x512.png 1200w, https://kulturkirche2025.de/wp-content/uploads/2023/06/sgs-logo-weiooaaeer-hintergrund-de-600x256.png 600w, https://kulturkirche2025.de/wp-content/uploads/2023/06/sgs-logo-weiooaaeer-hintergrund-de-768x328.png 768w, https://kulturkirche2025.de/wp-content/uploads/2023/06/sgs-logo-weiooaaeer-hintergrund-de-1536x655.png 1536w, https://kulturkirche2025.de/wp-content/uploads/2023/06/sgs-logo-weiooaaeer-hintergrund-de-2048x874.png 2048w" sizes="auto, (max-width: 1200px) 100vw, 1200px" /></a></figure>



<figure class="wp-block-image size-large is-resized"><img loading="lazy" decoding="async" width="1200" height="514" src="https://kulturkirche2025.de/wp-content/uploads/2024/11/beauftragte-der-bundesregierung-fur-kultur-und-medien-logosvg-1-1200x514.png" alt="" class="wp-image-5747" style="width:264px;height:auto" srcset="https://kulturkirche2025.de/wp-content/uploads/2024/11/beauftragte-der-bundesregierung-fur-kultur-und-medien-logosvg-1-1200x514.png 1200w, https://kulturkirche2025.de/wp-content/uploads/2024/11/beauftragte-der-bundesregierung-fur-kultur-und-medien-logosvg-1-600x257.png 600w, https://kulturkirche2025.de/wp-content/uploads/2024/11/beauftragte-der-bundesregierung-fur-kultur-und-medien-logosvg-1-768x329.png 768w, https://kulturkirche2025.de/wp-content/uploads/2024/11/beauftragte-der-bundesregierung-fur-kultur-und-medien-logosvg-1-1536x658.png 1536w, https://kulturkirche2025.de/wp-content/uploads/2024/11/beauftragte-der-bundesregierung-fur-kultur-und-medien-logosvg-1.png 1920w" sizes="auto, (max-width: 1200px) 100vw, 1200px" /></figure>
</div>

<p>Die „Interventionen zur Passion“ werden auch 2025 wieder den Blick auf die Altäre ausgewählter Kirchen verhüllen, um eine neue Besinnung auf Jesu Weg am Kreuz und veränderte Perspektiven auf die Kirchengebäude zu bieten. Vernissage: 05.03.2025, 18.00 UhrDorfkirche Langenstriegis (An der Kleinen Striegis 49, 09669 Frankenberg/Sa. OT Langenstriegis) Jessica Buhlmann wurde 1977 in Potsdam geboren. Sie [&hellip;]</p>
