{"id":4329,"date":"2024-11-26T14:06:13","date_gmt":"2024-11-26T13:06:13","guid":{"rendered":"https:\/\/kulturkirche2025.de\/?post_type=mi-dates-events&#038;p=4329"},"modified":"2026-05-02T18:36:00","modified_gmt":"2026-05-02T16:36:00","slug":"interventionen-zur-passion-2025-young-jae-lee-vasen","status":"expired","type":"mi-dates-events","link":"https:\/\/kulturkirche2025.de\/en\/veranstaltungen\/interventionen-zur-passion-2025-young-jae-lee-vasen\/","title":{"rendered":"Interventionen zur Passion 2025: Young-Jae Lee &#8220;VASEN&#8221;"},"content":{"rendered":"\n<p>Die \u201eInterventionen zur Passion\u201c werden auch 2025 wieder den Blick auf die Alt\u00e4re ausgew\u00e4hlter Kirchen verh\u00fcllen, um eine neue Besinnung auf Jesu Weg am Kreuz und ver\u00e4nderte Perspektiven auf die Kirchengeb\u00e4ude zu bieten.<\/p>\n\n\n\n<p>Vernissage: 09.03.2025, 11.00 Uhr<br>K\u00fcnstlerische Einf\u00fchrung Alexander Ochs, Kurator Purple Path<br>Gru\u00dfwort Michael St\u00f6tzer, B\u00fcrgermeister Baudezernat Stadt Chemnitz<br>St. Jakobikirche Chemnitz (Jakobikirchplatz 1, 09111 Chemnitz)<\/p>\n\n\n\n<p>Young-Jae Lee wurde 1951 in Seoul, Korea, geboren. Von 1968 bis 1972 studierte sie in Seoul an der Hochschule f\u00fcr Kunsterziehung, bevor sie 1972 nach Deutschland \u00fcbersiedelte. Dort studierte sie von 1973 bis 1978 an der Fachhochschule in Wiesbaden Keramik sowie Formgestaltung. Seit 1987 bis heute ist Young-Jae Lee die Leiterin der Keramischen Werkstatt Margaretenh\u00f6he in Essen.&nbsp;<\/p>\n\n\n\n<p>In der Chemnitzer Stadtkirche St. Jakobi zeigt die K\u00fcnstlerin mehrere ihrer Vasen, die sie selbst als \u201cHerzensbrecher\u201d bezeichnet. Die beim Brennen gebrochenen Vasen f\u00fcgte sie mittels einer japanischen Technik mit Gold wieder zusammen. Dieses Sinnbild von Verwundung und Heilung l\u00e4sst sich nicht nur als Verbindung zur Passionszeit lesen, sondern baut auch eine Br\u00fccke zur Geschichte von St. Jakobi: am 5.M\u00e4rz 1945 wurde die Kirche beim Bombenangriff auf Chemnitz zerst\u00f6rt und Jahre sp\u00e4ter wieder aufgebaut.<\/p>\n\n\n\n<p>Besichtigung:<br>Montag bis Sonnabend von 11:00 bis 15:00 Uhr<br>Dienstag bis Donnerstag zus\u00e4tzlich von 15:00 bis 17:00 Uhr<\/p>\n\n\n\n<p><strong>Fortsetzung der Ausstellung &#8220;Schalen&#8221; von der gleichen K\u00fcnstlerin, die bereits in der St. Jakobikirche zu sehen war.<\/strong><\/p>\n\n\n\n<div class=\"wp-block-buttons is-layout-flex wp-block-buttons-is-layout-flex\">\n<div class=\"wp-block-button\"><a class=\"wp-block-button__link wp-element-button\" href=\"https:\/\/kulturkirche2025.de\/veranstaltungen\/interventionen-zur-passion\/\">Mehr Informationen und weitere &#8220;Interventionen&#8221;<\/a><\/div>\n<\/div>\n\n\n\n<div class=\"wp-block-media-text has-media-on-the-right is-stacked-on-mobile\" style=\"grid-template-columns:auto 18%\"><div class=\"wp-block-media-text__content\">\n<p class=\"has-text-align-right\">gef\u00f6rdert vom Verein Ausstellungshaus f\u00fcr christliche&nbsp; Kunst e. V. M\u00fcnchen<\/p>\n<\/div><figure class=\"wp-block-media-text__media\"><img loading=\"lazy\" decoding=\"async\" width=\"269\" height=\"125\" src=\"https:\/\/kulturkirche2025.de\/wp-content\/uploads\/2024\/11\/vah-logo-e1737376179915.jpg\" alt=\"\" class=\"wp-image-5303 size-full\" \/><\/figure><\/div>\n\n\n\n<div class=\"wp-block-media-text has-media-on-the-right is-stacked-on-mobile\" style=\"grid-template-columns:auto 17%\"><div class=\"wp-block-media-text__content\">\n<p>Ein Projekt im Rahmen der Kulturhauptstadt Europas Chemnitz 2025. Diese Ma\u00dfnahme wird mitfinanziert durch Steuermittel auf der Grundlage des vom S\u00e4chsischen Landtag beschlossenen Haushaltes und durch Bundesmittel der Beauftragten der Bundesregierung f\u00fcr Kultur und Medien.&#8221;<\/p>\n<\/div><figure class=\"wp-block-media-text__media\"><img loading=\"lazy\" decoding=\"async\" width=\"200\" height=\"300\" src=\"https:\/\/kulturkirche2025.de\/wp-content\/uploads\/2024\/11\/signet-schwarz.gif\" alt=\"\" class=\"wp-image-5737 size-full\" \/><\/figure><\/div>\n\n\n\n<div class=\"wp-block-group is-content-justification-space-between is-layout-flex wp-container-core-group-is-layout-6c03c991 wp-block-group-is-layout-flex\" style=\"padding-top:0;padding-bottom:0\">\n<figure class=\"wp-block-image size-large is-resized\"><a href=\"https:\/\/chemnitz2025.de\/purplepath\/\" target=\"_blank\" rel=\"noreferrer noopener\"><img loading=\"lazy\" decoding=\"async\" width=\"326\" height=\"69\" src=\"https:\/\/kulturkirche2025.de\/wp-content\/uploads\/2023\/06\/logo-purple-path-1.svg\" alt=\"\" class=\"wp-image-1177\" style=\"aspect-ratio:2.343137254901961;width:209px;height:auto\" \/><\/a><\/figure>\n\n\n\n<figure class=\"wp-block-image size-full is-resized\"><a href=\"https:\/\/kirchenbezirk-chemnitz.de\/\" target=\"_blank\" rel=\"noreferrer noopener\"><img loading=\"lazy\" decoding=\"async\" width=\"1000\" height=\"290\" src=\"https:\/\/kulturkirche2025.de\/wp-content\/uploads\/2023\/06\/kbz-chz-logo.webp\" alt=\"Logo Evangelisch-Lutherischer Kirchenbezirk Chemnitz\" class=\"wp-image-1186\" style=\"width:228px;height:auto\" srcset=\"https:\/\/kulturkirche2025.de\/wp-content\/uploads\/2023\/06\/kbz-chz-logo.webp 1000w, https:\/\/kulturkirche2025.de\/wp-content\/uploads\/2023\/06\/kbz-chz-logo-600x174.webp 600w, https:\/\/kulturkirche2025.de\/wp-content\/uploads\/2023\/06\/kbz-chz-logo-768x223.webp 768w\" sizes=\"auto, (max-width: 1000px) 100vw, 1000px\" \/><\/a><\/figure>\n\n\n\n<figure class=\"wp-block-image size-full is-resized\"><a href=\"https:\/\/www.bonifatiuswerk.de\/de\/\" target=\"_blank\" rel=\" noreferrer noopener\"><img loading=\"lazy\" decoding=\"async\" width=\"975\" height=\"396\" src=\"https:\/\/kulturkirche2025.de\/wp-content\/uploads\/2024\/03\/bonifatiuswerk-markenzeichen-rgb.jpg\" alt=\"\" class=\"wp-image-2656\" style=\"width:170px;height:auto\" srcset=\"https:\/\/kulturkirche2025.de\/wp-content\/uploads\/2024\/03\/bonifatiuswerk-markenzeichen-rgb.jpg 975w, https:\/\/kulturkirche2025.de\/wp-content\/uploads\/2024\/03\/bonifatiuswerk-markenzeichen-rgb-600x244.jpg 600w, https:\/\/kulturkirche2025.de\/wp-content\/uploads\/2024\/03\/bonifatiuswerk-markenzeichen-rgb-768x312.jpg 768w\" sizes=\"auto, (max-width: 975px) 100vw, 975px\" \/><\/a><\/figure>\n\n\n\n<figure class=\"wp-block-image size-full is-resized\"><a href=\"https:\/\/www.bistum-dresden-meissen.de\/\" target=\"_blank\" rel=\"noreferrer noopener\"><img loading=\"lazy\" decoding=\"async\" width=\"999\" height=\"480\" src=\"https:\/\/kulturkirche2025.de\/wp-content\/uploads\/2023\/06\/bistum-ddm-logo-partner-2018-c100-m80.jpg\" alt=\"\" class=\"wp-image-1171\" style=\"aspect-ratio:2.3134328358208953;width:139px;height:auto\" srcset=\"https:\/\/kulturkirche2025.de\/wp-content\/uploads\/2023\/06\/bistum-ddm-logo-partner-2018-c100-m80.jpg 999w, https:\/\/kulturkirche2025.de\/wp-content\/uploads\/2023\/06\/bistum-ddm-logo-partner-2018-c100-m80-600x288.jpg 600w, https:\/\/kulturkirche2025.de\/wp-content\/uploads\/2023\/06\/bistum-ddm-logo-partner-2018-c100-m80-768x369.jpg 768w\" sizes=\"auto, (max-width: 999px) 100vw, 999px\" \/><\/a><\/figure>\n\n\n\n<figure class=\"wp-block-image size-full is-resized\"><img loading=\"lazy\" decoding=\"async\" width=\"800\" height=\"534\" src=\"https:\/\/kulturkirche2025.de\/wp-content\/uploads\/2024\/11\/flag-of-europesvg.png\" alt=\"\" class=\"wp-image-5750\" style=\"width:158px;height:auto\" srcset=\"https:\/\/kulturkirche2025.de\/wp-content\/uploads\/2024\/11\/flag-of-europesvg.png 800w, https:\/\/kulturkirche2025.de\/wp-content\/uploads\/2024\/11\/flag-of-europesvg-600x401.png 600w, https:\/\/kulturkirche2025.de\/wp-content\/uploads\/2024\/11\/flag-of-europesvg-768x513.png 768w\" sizes=\"auto, (max-width: 800px) 100vw, 800px\" \/><\/figure>\n\n\n\n<figure class=\"wp-block-image size-large is-resized\"><a href=\"https:\/\/chemnitz2025.de\/\" target=\"_blank\" rel=\" noreferrer noopener\"><img loading=\"lazy\" decoding=\"async\" width=\"1200\" height=\"153\" src=\"https:\/\/kulturkirche2025.de\/wp-content\/uploads\/2024\/04\/programmpartner-multicolor-landscape-1-1200x153.png\" alt=\"\" class=\"wp-image-2822\" style=\"width:376px;height:auto\" srcset=\"https:\/\/kulturkirche2025.de\/wp-content\/uploads\/2024\/04\/programmpartner-multicolor-landscape-1-1200x153.png 1200w, https:\/\/kulturkirche2025.de\/wp-content\/uploads\/2024\/04\/programmpartner-multicolor-landscape-1-600x76.png 600w, https:\/\/kulturkirche2025.de\/wp-content\/uploads\/2024\/04\/programmpartner-multicolor-landscape-1-768x98.png 768w, https:\/\/kulturkirche2025.de\/wp-content\/uploads\/2024\/04\/programmpartner-multicolor-landscape-1-1536x196.png 1536w, https:\/\/kulturkirche2025.de\/wp-content\/uploads\/2024\/04\/programmpartner-multicolor-landscape-1-2048x261.png 2048w\" sizes=\"auto, (max-width: 1200px) 100vw, 1200px\" \/><\/a><\/figure>\n\n\n\n<figure class=\"wp-block-image size-large is-resized\"><a href=\"https:\/\/www.so-geht-saechsisch.de\/\" target=\"_blank\" rel=\"noreferrer noopener\"><img loading=\"lazy\" decoding=\"async\" width=\"1200\" height=\"512\" src=\"https:\/\/kulturkirche2025.de\/wp-content\/uploads\/2023\/06\/sgs-logo-weiooaaeer-hintergrund-de-1200x512.png\" alt=\"\" class=\"wp-image-1168\" style=\"aspect-ratio:2.3461538461538463;width:204px;height:auto\" srcset=\"https:\/\/kulturkirche2025.de\/wp-content\/uploads\/2023\/06\/sgs-logo-weiooaaeer-hintergrund-de-1200x512.png 1200w, https:\/\/kulturkirche2025.de\/wp-content\/uploads\/2023\/06\/sgs-logo-weiooaaeer-hintergrund-de-600x256.png 600w, https:\/\/kulturkirche2025.de\/wp-content\/uploads\/2023\/06\/sgs-logo-weiooaaeer-hintergrund-de-768x328.png 768w, https:\/\/kulturkirche2025.de\/wp-content\/uploads\/2023\/06\/sgs-logo-weiooaaeer-hintergrund-de-1536x655.png 1536w, https:\/\/kulturkirche2025.de\/wp-content\/uploads\/2023\/06\/sgs-logo-weiooaaeer-hintergrund-de-2048x874.png 2048w\" sizes=\"auto, (max-width: 1200px) 100vw, 1200px\" \/><\/a><\/figure>\n\n\n\n<figure class=\"wp-block-image size-large is-resized\"><img loading=\"lazy\" decoding=\"async\" width=\"1200\" height=\"514\" src=\"https:\/\/kulturkirche2025.de\/wp-content\/uploads\/2024\/11\/beauftragte-der-bundesregierung-fur-kultur-und-medien-logosvg-1-1200x514.png\" alt=\"\" class=\"wp-image-5747\" style=\"width:264px;height:auto\" srcset=\"https:\/\/kulturkirche2025.de\/wp-content\/uploads\/2024\/11\/beauftragte-der-bundesregierung-fur-kultur-und-medien-logosvg-1-1200x514.png 1200w, https:\/\/kulturkirche2025.de\/wp-content\/uploads\/2024\/11\/beauftragte-der-bundesregierung-fur-kultur-und-medien-logosvg-1-600x257.png 600w, https:\/\/kulturkirche2025.de\/wp-content\/uploads\/2024\/11\/beauftragte-der-bundesregierung-fur-kultur-und-medien-logosvg-1-768x329.png 768w, https:\/\/kulturkirche2025.de\/wp-content\/uploads\/2024\/11\/beauftragte-der-bundesregierung-fur-kultur-und-medien-logosvg-1-1536x658.png 1536w, https:\/\/kulturkirche2025.de\/wp-content\/uploads\/2024\/11\/beauftragte-der-bundesregierung-fur-kultur-und-medien-logosvg-1.png 1920w\" sizes=\"auto, (max-width: 1200px) 100vw, 1200px\" \/><\/figure>\n<\/div>\n","protected":false},"excerpt":{"rendered":"<p>Die \u201eInterventionen zur Passion\u201c werden auch 2025 wieder den Blick auf die Alt\u00e4re ausgew\u00e4hlter Kirchen verh\u00fcllen, um eine neue Besinnung auf Jesu Weg am Kreuz und ver\u00e4nderte Perspektiven auf die Kirchengeb\u00e4ude zu bieten. Vernissage: 09.03.2025, 11.00 UhrK\u00fcnstlerische Einf\u00fchrung Alexander Ochs, Kurator Purple PathGru\u00dfwort Michael St\u00f6tzer, B\u00fcrgermeister Baudezernat Stadt ChemnitzSt. Jakobikirche Chemnitz (Jakobikirchplatz 1, 09111 Chemnitz) [&hellip;]<\/p>\n","protected":false},"author":5,"featured_media":5841,"menu_order":0,"template":"","mi-filters":[],"class_list":["post-4329","mi-dates-events","type-mi-dates-events","status-expired","has-post-thumbnail","hentry"],"acf":[],"_links":{"self":[{"href":"https:\/\/kulturkirche2025.de\/en\/wp-json\/wp\/v2\/mi-dates-events\/4329","targetHints":{"allow":["GET"]}}],"collection":[{"href":"https:\/\/kulturkirche2025.de\/en\/wp-json\/wp\/v2\/mi-dates-events"}],"about":[{"href":"https:\/\/kulturkirche2025.de\/en\/wp-json\/wp\/v2\/types\/mi-dates-events"}],"author":[{"embeddable":true,"href":"https:\/\/kulturkirche2025.de\/en\/wp-json\/wp\/v2\/users\/5"}],"wp:featuredmedia":[{"embeddable":true,"href":"https:\/\/kulturkirche2025.de\/en\/wp-json\/wp\/v2\/media\/5841"}],"wp:attachment":[{"href":"https:\/\/kulturkirche2025.de\/en\/wp-json\/wp\/v2\/media?parent=4329"}],"wp:term":[{"taxonomy":"mi-filters","embeddable":true,"href":"https:\/\/kulturkirche2025.de\/en\/wp-json\/wp\/v2\/mi-filters?post=4329"}],"curies":[{"name":"wp","href":"https:\/\/api.w.org\/{rel}","templated":true}]}}

<p>Die „Interventionen zur Passion“ werden auch 2025 wieder den Blick auf die Altäre ausgewählter Kirchen verhüllen, um eine neue Besinnung auf Jesu Weg am Kreuz und veränderte Perspektiven auf die Kirchengebäude zu bieten.</p>



<p>Vernissage: 09.03.2025, 11.00 Uhr<br>Künstlerische Einführung Alexander Ochs, Kurator Purple Path<br>Grußwort Michael Stötzer, Bürgermeister Baudezernat Stadt Chemnitz<br>St. Jakobikirche Chemnitz (Jakobikirchplatz 1, 09111 Chemnitz)</p>



<p>Young-Jae Lee wurde 1951 in Seoul, Korea, geboren. Von 1968 bis 1972 studierte sie in Seoul an der Hochschule für Kunsterziehung, bevor sie 1972 nach Deutschland übersiedelte. Dort studierte sie von 1973 bis 1978 an der Fachhochschule in Wiesbaden Keramik sowie Formgestaltung. Seit 1987 bis heute ist Young-Jae Lee die Leiterin der Keramischen Werkstatt Margaretenhöhe in Essen.&nbsp;</p>



<p>In der Chemnitzer Stadtkirche St. Jakobi zeigt die Künstlerin mehrere ihrer Vasen, die sie selbst als “Herzensbrecher” bezeichnet. Die beim Brennen gebrochenen Vasen fügte sie mittels einer japanischen Technik mit Gold wieder zusammen. Dieses Sinnbild von Verwundung und Heilung lässt sich nicht nur als Verbindung zur Passionszeit lesen, sondern baut auch eine Brücke zur Geschichte von St. Jakobi: am 5.März 1945 wurde die Kirche beim Bombenangriff auf Chemnitz zerstört und Jahre später wieder aufgebaut.</p>



<p>Besichtigung:<br>Montag bis Sonnabend von 11:00 bis 15:00 Uhr<br>Dienstag bis Donnerstag zusätzlich von 15:00 bis 17:00 Uhr</p>



<p><strong>Fortsetzung der Ausstellung &#8220;Schalen&#8221; von der gleichen Künstlerin, die bereits in der St. Jakobikirche zu sehen war.</strong></p>



<div class="wp-block-buttons is-layout-flex wp-block-buttons-is-layout-flex">
<div class="wp-block-button"><a class="wp-block-button__link wp-element-button" href="https://kulturkirche2025.de/veranstaltungen/interventionen-zur-passion/">Mehr Informationen und weitere &#8220;Interventionen&#8221;</a></div>
</div>



<div class="wp-block-media-text has-media-on-the-right is-stacked-on-mobile" style="grid-template-columns:auto 18%"><div class="wp-block-media-text__content">
<p class="has-text-align-right">gefördert vom Verein Ausstellungshaus für christliche&nbsp; Kunst e. V. München</p>
</div><figure class="wp-block-media-text__media"><img loading="lazy" decoding="async" width="269" height="125" src="https://kulturkirche2025.de/wp-content/uploads/2024/11/vah-logo-e1737376179915.jpg" alt="" class="wp-image-5303 size-full" /></figure></div>



<div class="wp-block-media-text has-media-on-the-right is-stacked-on-mobile" style="grid-template-columns:auto 17%"><div class="wp-block-media-text__content">
<p>Ein Projekt im Rahmen der Kulturhauptstadt Europas Chemnitz 2025. Diese Maßnahme wird mitfinanziert durch Steuermittel auf der Grundlage des vom Sächsischen Landtag beschlossenen Haushaltes und durch Bundesmittel der Beauftragten der Bundesregierung für Kultur und Medien.&#8221;</p>
</div><figure class="wp-block-media-text__media"><img loading="lazy" decoding="async" width="200" height="300" src="https://kulturkirche2025.de/wp-content/uploads/2024/11/signet-schwarz.gif" alt="" class="wp-image-5737 size-full" /></figure></div>



<div class="wp-block-group is-content-justification-space-between is-layout-flex wp-container-core-group-is-layout-6c03c991 wp-block-group-is-layout-flex" style="padding-top:0;padding-bottom:0">
<figure class="wp-block-image size-large is-resized"><a href="https://chemnitz2025.de/purplepath/" target="_blank" rel="noreferrer noopener"><img loading="lazy" decoding="async" width="326" height="69" src="https://kulturkirche2025.de/wp-content/uploads/2023/06/logo-purple-path-1.svg" alt="" class="wp-image-1177" style="aspect-ratio:2.343137254901961;width:209px;height:auto" /></a></figure>



<figure class="wp-block-image size-full is-resized"><a href="https://kirchenbezirk-chemnitz.de/" target="_blank" rel="noreferrer noopener"><img loading="lazy" decoding="async" width="1000" height="290" src="https://kulturkirche2025.de/wp-content/uploads/2023/06/kbz-chz-logo.webp" alt="Logo Evangelisch-Lutherischer Kirchenbezirk Chemnitz" class="wp-image-1186" style="width:228px;height:auto" srcset="https://kulturkirche2025.de/wp-content/uploads/2023/06/kbz-chz-logo.webp 1000w, https://kulturkirche2025.de/wp-content/uploads/2023/06/kbz-chz-logo-600x174.webp 600w, https://kulturkirche2025.de/wp-content/uploads/2023/06/kbz-chz-logo-768x223.webp 768w" sizes="auto, (max-width: 1000px) 100vw, 1000px" /></a></figure>



<figure class="wp-block-image size-full is-resized"><a href="https://www.bonifatiuswerk.de/de/" target="_blank" rel=" noreferrer noopener"><img loading="lazy" decoding="async" width="975" height="396" src="https://kulturkirche2025.de/wp-content/uploads/2024/03/bonifatiuswerk-markenzeichen-rgb.jpg" alt="" class="wp-image-2656" style="width:170px;height:auto" srcset="https://kulturkirche2025.de/wp-content/uploads/2024/03/bonifatiuswerk-markenzeichen-rgb.jpg 975w, https://kulturkirche2025.de/wp-content/uploads/2024/03/bonifatiuswerk-markenzeichen-rgb-600x244.jpg 600w, https://kulturkirche2025.de/wp-content/uploads/2024/03/bonifatiuswerk-markenzeichen-rgb-768x312.jpg 768w" sizes="auto, (max-width: 975px) 100vw, 975px" /></a></figure>



<figure class="wp-block-image size-full is-resized"><a href="https://www.bistum-dresden-meissen.de/" target="_blank" rel="noreferrer noopener"><img loading="lazy" decoding="async" width="999" height="480" src="https://kulturkirche2025.de/wp-content/uploads/2023/06/bistum-ddm-logo-partner-2018-c100-m80.jpg" alt="" class="wp-image-1171" style="aspect-ratio:2.3134328358208953;width:139px;height:auto" srcset="https://kulturkirche2025.de/wp-content/uploads/2023/06/bistum-ddm-logo-partner-2018-c100-m80.jpg 999w, https://kulturkirche2025.de/wp-content/uploads/2023/06/bistum-ddm-logo-partner-2018-c100-m80-600x288.jpg 600w, https://kulturkirche2025.de/wp-content/uploads/2023/06/bistum-ddm-logo-partner-2018-c100-m80-768x369.jpg 768w" sizes="auto, (max-width: 999px) 100vw, 999px" /></a></figure>



<figure class="wp-block-image size-full is-resized"><img loading="lazy" decoding="async" width="800" height="534" src="https://kulturkirche2025.de/wp-content/uploads/2024/11/flag-of-europesvg.png" alt="" class="wp-image-5750" style="width:158px;height:auto" srcset="https://kulturkirche2025.de/wp-content/uploads/2024/11/flag-of-europesvg.png 800w, https://kulturkirche2025.de/wp-content/uploads/2024/11/flag-of-europesvg-600x401.png 600w, https://kulturkirche2025.de/wp-content/uploads/2024/11/flag-of-europesvg-768x513.png 768w" sizes="auto, (max-width: 800px) 100vw, 800px" /></figure>



<figure class="wp-block-image size-large is-resized"><a href="https://chemnitz2025.de/" target="_blank" rel=" noreferrer noopener"><img loading="lazy" decoding="async" width="1200" height="153" src="https://kulturkirche2025.de/wp-content/uploads/2024/04/programmpartner-multicolor-landscape-1-1200x153.png" alt="" class="wp-image-2822" style="width:376px;height:auto" srcset="https://kulturkirche2025.de/wp-content/uploads/2024/04/programmpartner-multicolor-landscape-1-1200x153.png 1200w, https://kulturkirche2025.de/wp-content/uploads/2024/04/programmpartner-multicolor-landscape-1-600x76.png 600w, https://kulturkirche2025.de/wp-content/uploads/2024/04/programmpartner-multicolor-landscape-1-768x98.png 768w, https://kulturkirche2025.de/wp-content/uploads/2024/04/programmpartner-multicolor-landscape-1-1536x196.png 1536w, https://kulturkirche2025.de/wp-content/uploads/2024/04/programmpartner-multicolor-landscape-1-2048x261.png 2048w" sizes="auto, (max-width: 1200px) 100vw, 1200px" /></a></figure>



<figure class="wp-block-image size-large is-resized"><a href="https://www.so-geht-saechsisch.de/" target="_blank" rel="noreferrer noopener"><img loading="lazy" decoding="async" width="1200" height="512" src="https://kulturkirche2025.de/wp-content/uploads/2023/06/sgs-logo-weiooaaeer-hintergrund-de-1200x512.png" alt="" class="wp-image-1168" style="aspect-ratio:2.3461538461538463;width:204px;height:auto" srcset="https://kulturkirche2025.de/wp-content/uploads/2023/06/sgs-logo-weiooaaeer-hintergrund-de-1200x512.png 1200w, https://kulturkirche2025.de/wp-content/uploads/2023/06/sgs-logo-weiooaaeer-hintergrund-de-600x256.png 600w, https://kulturkirche2025.de/wp-content/uploads/2023/06/sgs-logo-weiooaaeer-hintergrund-de-768x328.png 768w, https://kulturkirche2025.de/wp-content/uploads/2023/06/sgs-logo-weiooaaeer-hintergrund-de-1536x655.png 1536w, https://kulturkirche2025.de/wp-content/uploads/2023/06/sgs-logo-weiooaaeer-hintergrund-de-2048x874.png 2048w" sizes="auto, (max-width: 1200px) 100vw, 1200px" /></a></figure>



<figure class="wp-block-image size-large is-resized"><img loading="lazy" decoding="async" width="1200" height="514" src="https://kulturkirche2025.de/wp-content/uploads/2024/11/beauftragte-der-bundesregierung-fur-kultur-und-medien-logosvg-1-1200x514.png" alt="" class="wp-image-5747" style="width:264px;height:auto" srcset="https://kulturkirche2025.de/wp-content/uploads/2024/11/beauftragte-der-bundesregierung-fur-kultur-und-medien-logosvg-1-1200x514.png 1200w, https://kulturkirche2025.de/wp-content/uploads/2024/11/beauftragte-der-bundesregierung-fur-kultur-und-medien-logosvg-1-600x257.png 600w, https://kulturkirche2025.de/wp-content/uploads/2024/11/beauftragte-der-bundesregierung-fur-kultur-und-medien-logosvg-1-768x329.png 768w, https://kulturkirche2025.de/wp-content/uploads/2024/11/beauftragte-der-bundesregierung-fur-kultur-und-medien-logosvg-1-1536x658.png 1536w, https://kulturkirche2025.de/wp-content/uploads/2024/11/beauftragte-der-bundesregierung-fur-kultur-und-medien-logosvg-1.png 1920w" sizes="auto, (max-width: 1200px) 100vw, 1200px" /></figure>
</div>

<p>Die „Interventionen zur Passion“ werden auch 2025 wieder den Blick auf die Altäre ausgewählter Kirchen verhüllen, um eine neue Besinnung auf Jesu Weg am Kreuz und veränderte Perspektiven auf die Kirchengebäude zu bieten. Vernissage: 09.03.2025, 11.00 UhrKünstlerische Einführung Alexander Ochs, Kurator Purple PathGrußwort Michael Stötzer, Bürgermeister Baudezernat Stadt ChemnitzSt. Jakobikirche Chemnitz (Jakobikirchplatz 1, 09111 Chemnitz) [&hellip;]</p>
